{"id":7586,"date":"2020-02-09T21:16:17","date_gmt":"2020-02-09T20:16:17","guid":{"rendered":"https:\/\/www.comitenervo.fr\/?page_id=7586"},"modified":"2020-02-09T21:20:04","modified_gmt":"2020-02-09T20:20:04","slug":"photos-2020","status":"publish","type":"page","link":"https:\/\/www.comitenervo.fr\/?page_id=7586","title":{"rendered":"Photos 2020"},"content":{"rendered":"\r\n<table width=\"100%\" border=\"0.5\" cellspacing=\"0\" cellpadding=\"4\"><colgroup> <col width=\"128*\" \/> <col width=\"128*\" \/><\/colgroup>\r\n<tbody>\r\n<tr valign=\"CENTER\">\r\n<td style=\"text-align: center; vertical-align: middle;\" width=\"50%\"><span style=\"vertical-align: middle;\"><strong>Assembl\u00e9e G\u00e9n\u00e9rale du comit\u00e9 2020<\/span><\/td>\r\n<td style=\"text-align: right; width=\"50%\"><a class=\"shutterset_\" href=\"https:\/\/www.comitenervo.fr\/?page_id=7588\"><img loading=\"lazy\" decoding=\"async\" class=\"ngg-singlepic ngg-none\" src=\"https:\/\/www.comitenervo.fr\/wp-content\/gallery\/20200125_ag\/thumbs\/thumbs_20200125_AG-005.JPG\" alt=\"0\" width=\"100\" height=\"75\"><\/a><\/td>\r\n<\/tr>\r\n<\/tbody>\r\n<\/table>\r\n","protected":false},"excerpt":{"rendered":"<p>Assembl\u00e9e G\u00e9n\u00e9rale du comit\u00e9 2020<\/p>\n","protected":false},"author":3,"featured_media":0,"parent":7583,"menu_order":0,"comment_status":"closed","ping_status":"closed","template":"","meta":{"_monsterinsights_skip_tracking":false,"_monsterinsights_sitenote_active":false,"_monsterinsights_sitenote_note":"","_monsterinsights_sitenote_category":0,"ngg_post_thumbnail":0,"footnotes":""},"class_list":["post-7586","page","type-page","status-publish","hentry"],"_links":{"self":[{"href":"https:\/\/www.comitenervo.fr\/index.php?rest_route=\/wp\/v2\/pages\/7586","targetHints":{"allow":["GET"]}}],"collection":[{"href":"https:\/\/www.comitenervo.fr\/index.php?rest_route=\/wp\/v2\/pages"}],"about":[{"href":"https:\/\/www.comitenervo.fr\/index.php?rest_route=\/wp\/v2\/types\/page"}],"author":[{"embeddable":true,"href":"https:\/\/www.comitenervo.fr\/index.php?rest_route=\/wp\/v2\/users\/3"}],"replies":[{"embeddable":true,"href":"https:\/\/www.comitenervo.fr\/index.php?rest_route=%2Fwp%2Fv2%2Fcomments&post=7586"}],"version-history":[{"count":2,"href":"https:\/\/www.comitenervo.fr\/index.php?rest_route=\/wp\/v2\/pages\/7586\/revisions"}],"predecessor-version":[{"id":7591,"href":"https:\/\/www.comitenervo.fr\/index.php?rest_route=\/wp\/v2\/pages\/7586\/revisions\/7591"}],"up":[{"embeddable":true,"href":"https:\/\/www.comitenervo.fr\/index.php?rest_route=\/wp\/v2\/pages\/7583"}],"wp:attachment":[{"href":"https:\/\/www.comitenervo.fr\/index.php?rest_route=%2Fwp%2Fv2%2Fmedia&parent=7586"}],"curies":[{"name":"wp","href":"https:\/\/api.w.org\/{rel}","templated":true}]}}