{"id":7002,"date":"2019-02-05T21:55:29","date_gmt":"2019-02-05T20:55:29","guid":{"rendered":"https:\/\/www.comitenervo.fr\/?page_id=7002"},"modified":"2019-11-24T20:27:07","modified_gmt":"2019-11-24T19:27:07","slug":"assemblee-generale-2019","status":"publish","type":"page","link":"https:\/\/www.comitenervo.fr\/?page_id=7002","title":{"rendered":"Assembl\u00e9e G\u00e9n\u00e9rale 2019"},"content":{"rendered":"<p>\u00a0<\/p>\n<!-- default-view.php -->\n<div\n\tclass=\"ngg-galleryoverview default-view \n\t ngg-ajax-pagination-none\t\"\n\tid=\"ngg-gallery-2a61e2b49e705c01c4a4d1730e2430ad-1\">\n\n\t\t<!-- Thumbnails -->\n\t\t\t\t<div id=\"ngg-image-0\" class=\"ngg-gallery-thumbnail-box \n\t\t\t\t\t\t\t\t\t\t\t\" \n\t\t\t>\n\t\t\t\t\t\t<div class=\"ngg-gallery-thumbnail\">\n\t\t\t<a href=\"https:\/\/www.comitenervo.fr\/wp-content\/gallery\/20190126_ag\/20190126_AG_001_1.JPG\"\n\t\t\t\ttitle=\" \"\n\t\t\t\tdata-src=\"https:\/\/www.comitenervo.fr\/wp-content\/gallery\/20190126_ag\/20190126_AG_001_1.JPG\"\n\t\t\t\tdata-thumbnail=\"https:\/\/www.comitenervo.fr\/wp-content\/gallery\/20190126_ag\/thumbs\/thumbs_20190126_AG_001_1.JPG\"\n\t\t\t\tdata-image-id=\"3840\"\n\t\t\t\tdata-title=\"20190126_AG_001_1\"\n\t\t\t\tdata-description=\" \"\n\t\t\t\tdata-image-slug=\"20190126_ag_001_1-2\"\n\t\t\t\tclass=\"ngg-fancybox\" rel=\"2a61e2b49e705c01c4a4d1730e2430ad\">\n\t\t\t\t<img\n\t\t\t\t\ttitle=\"20190126_AG_001_1\"\n\t\t\t\t\talt=\"20190126_AG_001_1\"\n\t\t\t\t\tsrc=\"https:\/\/www.comitenervo.fr\/wp-content\/gallery\/20190126_ag\/thumbs\/thumbs_20190126_AG_001_1.JPG\"\n\t\t\t\t\twidth=\"100\"\n\t\t\t\t\theight=\"75\"\n\t\t\t\t\tstyle=\"max-width:100%;\"\n\t\t\t\t\/>\n\t\t\t<\/a>\n\t\t<\/div>\n\t\t\t\t\t\t\t<\/div> \n\t\t\t\n\t\t\t\t<div id=\"ngg-image-1\" class=\"ngg-gallery-thumbnail-box \n\t\t\t\t\t\t\t\t\t\t\t\" \n\t\t\t>\n\t\t\t\t\t\t<div class=\"ngg-gallery-thumbnail\">\n\t\t\t<a href=\"https:\/\/www.comitenervo.fr\/wp-content\/gallery\/20190126_ag\/20190126_AG_002_1.JPG\"\n\t\t\t\ttitle=\" \"\n\t\t\t\tdata-src=\"https:\/\/www.comitenervo.fr\/wp-content\/gallery\/20190126_ag\/20190126_AG_002_1.JPG\"\n\t\t\t\tdata-thumbnail=\"https:\/\/www.comitenervo.fr\/wp-content\/gallery\/20190126_ag\/thumbs\/thumbs_20190126_AG_002_1.JPG\"\n\t\t\t\tdata-image-id=\"3841\"\n\t\t\t\tdata-title=\"20190126_AG_002_1\"\n\t\t\t\tdata-description=\" \"\n\t\t\t\tdata-image-slug=\"20190126_ag_002_1-2\"\n\t\t\t\tclass=\"ngg-fancybox\" rel=\"2a61e2b49e705c01c4a4d1730e2430ad\">\n\t\t\t\t<img\n\t\t\t\t\ttitle=\"20190126_AG_002_1\"\n\t\t\t\t\talt=\"20190126_AG_002_1\"\n\t\t\t\t\tsrc=\"https:\/\/www.comitenervo.fr\/wp-content\/gallery\/20190126_ag\/thumbs\/thumbs_20190126_AG_002_1.JPG\"\n\t\t\t\t\twidth=\"100\"\n\t\t\t\t\theight=\"75\"\n\t\t\t\t\tstyle=\"max-width:100%;\"\n\t\t\t\t\/>\n\t\t\t<\/a>\n\t\t<\/div>\n\t\t\t\t\t\t\t<\/div> \n\t\t\t\n\t\t\t\t<div id=\"ngg-image-2\" class=\"ngg-gallery-thumbnail-box \n\t\t\t\t\t\t\t\t\t\t\t\" \n\t\t\t>\n\t\t\t\t\t\t<div class=\"ngg-gallery-thumbnail\">\n\t\t\t<a href=\"https:\/\/www.comitenervo.fr\/wp-content\/gallery\/20190126_ag\/20190126_AG_003_1.JPG\"\n\t\t\t\ttitle=\" \"\n\t\t\t\tdata-src=\"https:\/\/www.comitenervo.fr\/wp-content\/gallery\/20190126_ag\/20190126_AG_003_1.JPG\"\n\t\t\t\tdata-thumbnail=\"https:\/\/www.comitenervo.fr\/wp-content\/gallery\/20190126_ag\/thumbs\/thumbs_20190126_AG_003_1.JPG\"\n\t\t\t\tdata-image-id=\"3842\"\n\t\t\t\tdata-title=\"20190126_AG_003_1\"\n\t\t\t\tdata-description=\" \"\n\t\t\t\tdata-image-slug=\"20190126_ag_003_1-2\"\n\t\t\t\tclass=\"ngg-fancybox\" rel=\"2a61e2b49e705c01c4a4d1730e2430ad\">\n\t\t\t\t<img\n\t\t\t\t\ttitle=\"20190126_AG_003_1\"\n\t\t\t\t\talt=\"20190126_AG_003_1\"\n\t\t\t\t\tsrc=\"https:\/\/www.comitenervo.fr\/wp-content\/gallery\/20190126_ag\/thumbs\/thumbs_20190126_AG_003_1.JPG\"\n\t\t\t\t\twidth=\"100\"\n\t\t\t\t\theight=\"75\"\n\t\t\t\t\tstyle=\"max-width:100%;\"\n\t\t\t\t\/>\n\t\t\t<\/a>\n\t\t<\/div>\n\t\t\t\t\t\t\t<\/div> \n\t\t\t\n\t\t\t\t<div id=\"ngg-image-3\" class=\"ngg-gallery-thumbnail-box \n\t\t\t\t\t\t\t\t\t\t\t\" \n\t\t\t>\n\t\t\t\t\t\t<div class=\"ngg-gallery-thumbnail\">\n\t\t\t<a href=\"https:\/\/www.comitenervo.fr\/wp-content\/gallery\/20190126_ag\/20190126_AG_004_1.JPG\"\n\t\t\t\ttitle=\" \"\n\t\t\t\tdata-src=\"https:\/\/www.comitenervo.fr\/wp-content\/gallery\/20190126_ag\/20190126_AG_004_1.JPG\"\n\t\t\t\tdata-thumbnail=\"https:\/\/www.comitenervo.fr\/wp-content\/gallery\/20190126_ag\/thumbs\/thumbs_20190126_AG_004_1.JPG\"\n\t\t\t\tdata-image-id=\"3843\"\n\t\t\t\tdata-title=\"20190126_AG_004_1\"\n\t\t\t\tdata-description=\" \"\n\t\t\t\tdata-image-slug=\"20190126_ag_004_1-2\"\n\t\t\t\tclass=\"ngg-fancybox\" rel=\"2a61e2b49e705c01c4a4d1730e2430ad\">\n\t\t\t\t<img\n\t\t\t\t\ttitle=\"20190126_AG_004_1\"\n\t\t\t\t\talt=\"20190126_AG_004_1\"\n\t\t\t\t\tsrc=\"https:\/\/www.comitenervo.fr\/wp-content\/gallery\/20190126_ag\/thumbs\/thumbs_20190126_AG_004_1.JPG\"\n\t\t\t\t\twidth=\"100\"\n\t\t\t\t\theight=\"75\"\n\t\t\t\t\tstyle=\"max-width:100%;\"\n\t\t\t\t\/>\n\t\t\t<\/a>\n\t\t<\/div>\n\t\t\t\t\t\t\t<\/div> \n\t\t\t\n\t\t\t\t<div id=\"ngg-image-4\" class=\"ngg-gallery-thumbnail-box \n\t\t\t\t\t\t\t\t\t\t\t\" \n\t\t\t>\n\t\t\t\t\t\t<div class=\"ngg-gallery-thumbnail\">\n\t\t\t<a href=\"https:\/\/www.comitenervo.fr\/wp-content\/gallery\/20190126_ag\/20190126_AG_005_1.JPG\"\n\t\t\t\ttitle=\" \"\n\t\t\t\tdata-src=\"https:\/\/www.comitenervo.fr\/wp-content\/gallery\/20190126_ag\/20190126_AG_005_1.JPG\"\n\t\t\t\tdata-thumbnail=\"https:\/\/www.comitenervo.fr\/wp-content\/gallery\/20190126_ag\/thumbs\/thumbs_20190126_AG_005_1.JPG\"\n\t\t\t\tdata-image-id=\"3844\"\n\t\t\t\tdata-title=\"20190126_AG_005_1\"\n\t\t\t\tdata-description=\" \"\n\t\t\t\tdata-image-slug=\"20190126_ag_005_1-2\"\n\t\t\t\tclass=\"ngg-fancybox\" rel=\"2a61e2b49e705c01c4a4d1730e2430ad\">\n\t\t\t\t<img\n\t\t\t\t\ttitle=\"20190126_AG_005_1\"\n\t\t\t\t\talt=\"20190126_AG_005_1\"\n\t\t\t\t\tsrc=\"https:\/\/www.comitenervo.fr\/wp-content\/gallery\/20190126_ag\/thumbs\/thumbs_20190126_AG_005_1.JPG\"\n\t\t\t\t\twidth=\"100\"\n\t\t\t\t\theight=\"75\"\n\t\t\t\t\tstyle=\"max-width:100%;\"\n\t\t\t\t\/>\n\t\t\t<\/a>\n\t\t<\/div>\n\t\t\t\t\t\t\t<\/div> \n\t\t\t\n\t\t\t\t<div id=\"ngg-image-5\" class=\"ngg-gallery-thumbnail-box \n\t\t\t\t\t\t\t\t\t\t\t\" \n\t\t\t>\n\t\t\t\t\t\t<div class=\"ngg-gallery-thumbnail\">\n\t\t\t<a href=\"https:\/\/www.comitenervo.fr\/wp-content\/gallery\/20190126_ag\/20190126_AG_006_1.JPG\"\n\t\t\t\ttitle=\" \"\n\t\t\t\tdata-src=\"https:\/\/www.comitenervo.fr\/wp-content\/gallery\/20190126_ag\/20190126_AG_006_1.JPG\"\n\t\t\t\tdata-thumbnail=\"https:\/\/www.comitenervo.fr\/wp-content\/gallery\/20190126_ag\/thumbs\/thumbs_20190126_AG_006_1.JPG\"\n\t\t\t\tdata-image-id=\"3845\"\n\t\t\t\tdata-title=\"20190126_AG_006_1\"\n\t\t\t\tdata-description=\" \"\n\t\t\t\tdata-image-slug=\"20190126_ag_006_1-2\"\n\t\t\t\tclass=\"ngg-fancybox\" rel=\"2a61e2b49e705c01c4a4d1730e2430ad\">\n\t\t\t\t<img\n\t\t\t\t\ttitle=\"20190126_AG_006_1\"\n\t\t\t\t\talt=\"20190126_AG_006_1\"\n\t\t\t\t\tsrc=\"https:\/\/www.comitenervo.fr\/wp-content\/gallery\/20190126_ag\/thumbs\/thumbs_20190126_AG_006_1.JPG\"\n\t\t\t\t\twidth=\"100\"\n\t\t\t\t\theight=\"75\"\n\t\t\t\t\tstyle=\"max-width:100%;\"\n\t\t\t\t\/>\n\t\t\t<\/a>\n\t\t<\/div>\n\t\t\t\t\t\t\t<\/div> \n\t\t\t\n\t\t\t\t<div id=\"ngg-image-6\" class=\"ngg-gallery-thumbnail-box \n\t\t\t\t\t\t\t\t\t\t\t\" \n\t\t\t>\n\t\t\t\t\t\t<div class=\"ngg-gallery-thumbnail\">\n\t\t\t<a href=\"https:\/\/www.comitenervo.fr\/wp-content\/gallery\/20190126_ag\/20190126_AG_007_1.JPG\"\n\t\t\t\ttitle=\" \"\n\t\t\t\tdata-src=\"https:\/\/www.comitenervo.fr\/wp-content\/gallery\/20190126_ag\/20190126_AG_007_1.JPG\"\n\t\t\t\tdata-thumbnail=\"https:\/\/www.comitenervo.fr\/wp-content\/gallery\/20190126_ag\/thumbs\/thumbs_20190126_AG_007_1.JPG\"\n\t\t\t\tdata-image-id=\"3846\"\n\t\t\t\tdata-title=\"20190126_AG_007_1\"\n\t\t\t\tdata-description=\" \"\n\t\t\t\tdata-image-slug=\"20190126_ag_007_1-2\"\n\t\t\t\tclass=\"ngg-fancybox\" rel=\"2a61e2b49e705c01c4a4d1730e2430ad\">\n\t\t\t\t<img\n\t\t\t\t\ttitle=\"20190126_AG_007_1\"\n\t\t\t\t\talt=\"20190126_AG_007_1\"\n\t\t\t\t\tsrc=\"https:\/\/www.comitenervo.fr\/wp-content\/gallery\/20190126_ag\/thumbs\/thumbs_20190126_AG_007_1.JPG\"\n\t\t\t\t\twidth=\"100\"\n\t\t\t\t\theight=\"75\"\n\t\t\t\t\tstyle=\"max-width:100%;\"\n\t\t\t\t\/>\n\t\t\t<\/a>\n\t\t<\/div>\n\t\t\t\t\t\t\t<\/div> \n\t\t\t\n\t\t\t\t<div id=\"ngg-image-7\" class=\"ngg-gallery-thumbnail-box \n\t\t\t\t\t\t\t\t\t\t\t\" \n\t\t\t>\n\t\t\t\t\t\t<div class=\"ngg-gallery-thumbnail\">\n\t\t\t<a href=\"https:\/\/www.comitenervo.fr\/wp-content\/gallery\/20190126_ag\/20190126_AG_008_1.JPG\"\n\t\t\t\ttitle=\" \"\n\t\t\t\tdata-src=\"https:\/\/www.comitenervo.fr\/wp-content\/gallery\/20190126_ag\/20190126_AG_008_1.JPG\"\n\t\t\t\tdata-thumbnail=\"https:\/\/www.comitenervo.fr\/wp-content\/gallery\/20190126_ag\/thumbs\/thumbs_20190126_AG_008_1.JPG\"\n\t\t\t\tdata-image-id=\"3847\"\n\t\t\t\tdata-title=\"20190126_AG_008_1\"\n\t\t\t\tdata-description=\" \"\n\t\t\t\tdata-image-slug=\"20190126_ag_008_1-2\"\n\t\t\t\tclass=\"ngg-fancybox\" rel=\"2a61e2b49e705c01c4a4d1730e2430ad\">\n\t\t\t\t<img\n\t\t\t\t\ttitle=\"20190126_AG_008_1\"\n\t\t\t\t\talt=\"20190126_AG_008_1\"\n\t\t\t\t\tsrc=\"https:\/\/www.comitenervo.fr\/wp-content\/gallery\/20190126_ag\/thumbs\/thumbs_20190126_AG_008_1.JPG\"\n\t\t\t\t\twidth=\"100\"\n\t\t\t\t\theight=\"75\"\n\t\t\t\t\tstyle=\"max-width:100%;\"\n\t\t\t\t\/>\n\t\t\t<\/a>\n\t\t<\/div>\n\t\t\t\t\t\t\t<\/div> \n\t\t\t\n\t\t\t\t<div id=\"ngg-image-8\" class=\"ngg-gallery-thumbnail-box \n\t\t\t\t\t\t\t\t\t\t\t\" \n\t\t\t>\n\t\t\t\t\t\t<div class=\"ngg-gallery-thumbnail\">\n\t\t\t<a href=\"https:\/\/www.comitenervo.fr\/wp-content\/gallery\/20190126_ag\/20190126_AG_009_1.JPG\"\n\t\t\t\ttitle=\" \"\n\t\t\t\tdata-src=\"https:\/\/www.comitenervo.fr\/wp-content\/gallery\/20190126_ag\/20190126_AG_009_1.JPG\"\n\t\t\t\tdata-thumbnail=\"https:\/\/www.comitenervo.fr\/wp-content\/gallery\/20190126_ag\/thumbs\/thumbs_20190126_AG_009_1.JPG\"\n\t\t\t\tdata-image-id=\"3848\"\n\t\t\t\tdata-title=\"20190126_AG_009_1\"\n\t\t\t\tdata-description=\" \"\n\t\t\t\tdata-image-slug=\"20190126_ag_009_1-2\"\n\t\t\t\tclass=\"ngg-fancybox\" rel=\"2a61e2b49e705c01c4a4d1730e2430ad\">\n\t\t\t\t<img\n\t\t\t\t\ttitle=\"20190126_AG_009_1\"\n\t\t\t\t\talt=\"20190126_AG_009_1\"\n\t\t\t\t\tsrc=\"https:\/\/www.comitenervo.fr\/wp-content\/gallery\/20190126_ag\/thumbs\/thumbs_20190126_AG_009_1.JPG\"\n\t\t\t\t\twidth=\"100\"\n\t\t\t\t\theight=\"75\"\n\t\t\t\t\tstyle=\"max-width:100%;\"\n\t\t\t\t\/>\n\t\t\t<\/a>\n\t\t<\/div>\n\t\t\t\t\t\t\t<\/div> \n\t\t\t\n\t\t\t\t<div id=\"ngg-image-9\" class=\"ngg-gallery-thumbnail-box \n\t\t\t\t\t\t\t\t\t\t\t\" \n\t\t\t>\n\t\t\t\t\t\t<div class=\"ngg-gallery-thumbnail\">\n\t\t\t<a href=\"https:\/\/www.comitenervo.fr\/wp-content\/gallery\/20190126_ag\/20190126_AG_010_1.JPG\"\n\t\t\t\ttitle=\" \"\n\t\t\t\tdata-src=\"https:\/\/www.comitenervo.fr\/wp-content\/gallery\/20190126_ag\/20190126_AG_010_1.JPG\"\n\t\t\t\tdata-thumbnail=\"https:\/\/www.comitenervo.fr\/wp-content\/gallery\/20190126_ag\/thumbs\/thumbs_20190126_AG_010_1.JPG\"\n\t\t\t\tdata-image-id=\"3849\"\n\t\t\t\tdata-title=\"20190126_AG_010_1\"\n\t\t\t\tdata-description=\" \"\n\t\t\t\tdata-image-slug=\"20190126_ag_010_1-2\"\n\t\t\t\tclass=\"ngg-fancybox\" rel=\"2a61e2b49e705c01c4a4d1730e2430ad\">\n\t\t\t\t<img\n\t\t\t\t\ttitle=\"20190126_AG_010_1\"\n\t\t\t\t\talt=\"20190126_AG_010_1\"\n\t\t\t\t\tsrc=\"https:\/\/www.comitenervo.fr\/wp-content\/gallery\/20190126_ag\/thumbs\/thumbs_20190126_AG_010_1.JPG\"\n\t\t\t\t\twidth=\"100\"\n\t\t\t\t\theight=\"75\"\n\t\t\t\t\tstyle=\"max-width:100%;\"\n\t\t\t\t\/>\n\t\t\t<\/a>\n\t\t<\/div>\n\t\t\t\t\t\t\t<\/div> \n\t\t\t\n\t\t\t\t<div id=\"ngg-image-10\" class=\"ngg-gallery-thumbnail-box \n\t\t\t\t\t\t\t\t\t\t\t\" \n\t\t\t>\n\t\t\t\t\t\t<div class=\"ngg-gallery-thumbnail\">\n\t\t\t<a href=\"https:\/\/www.comitenervo.fr\/wp-content\/gallery\/20190126_ag\/20190126_AG_011_1.JPG\"\n\t\t\t\ttitle=\" \"\n\t\t\t\tdata-src=\"https:\/\/www.comitenervo.fr\/wp-content\/gallery\/20190126_ag\/20190126_AG_011_1.JPG\"\n\t\t\t\tdata-thumbnail=\"https:\/\/www.comitenervo.fr\/wp-content\/gallery\/20190126_ag\/thumbs\/thumbs_20190126_AG_011_1.JPG\"\n\t\t\t\tdata-image-id=\"3850\"\n\t\t\t\tdata-title=\"20190126_AG_011_1\"\n\t\t\t\tdata-description=\" \"\n\t\t\t\tdata-image-slug=\"20190126_ag_011_1-1\"\n\t\t\t\tclass=\"ngg-fancybox\" rel=\"2a61e2b49e705c01c4a4d1730e2430ad\">\n\t\t\t\t<img\n\t\t\t\t\ttitle=\"20190126_AG_011_1\"\n\t\t\t\t\talt=\"20190126_AG_011_1\"\n\t\t\t\t\tsrc=\"https:\/\/www.comitenervo.fr\/wp-content\/gallery\/20190126_ag\/thumbs\/thumbs_20190126_AG_011_1.JPG\"\n\t\t\t\t\twidth=\"100\"\n\t\t\t\t\theight=\"75\"\n\t\t\t\t\tstyle=\"max-width:100%;\"\n\t\t\t\t\/>\n\t\t\t<\/a>\n\t\t<\/div>\n\t\t\t\t\t\t\t<\/div> \n\t\t\t\n\t\t\t\t<div id=\"ngg-image-11\" class=\"ngg-gallery-thumbnail-box \n\t\t\t\t\t\t\t\t\t\t\t\" \n\t\t\t>\n\t\t\t\t\t\t<div class=\"ngg-gallery-thumbnail\">\n\t\t\t<a href=\"https:\/\/www.comitenervo.fr\/wp-content\/gallery\/20190126_ag\/20190126_AG_012_1.JPG\"\n\t\t\t\ttitle=\" \"\n\t\t\t\tdata-src=\"https:\/\/www.comitenervo.fr\/wp-content\/gallery\/20190126_ag\/20190126_AG_012_1.JPG\"\n\t\t\t\tdata-thumbnail=\"https:\/\/www.comitenervo.fr\/wp-content\/gallery\/20190126_ag\/thumbs\/thumbs_20190126_AG_012_1.JPG\"\n\t\t\t\tdata-image-id=\"3851\"\n\t\t\t\tdata-title=\"20190126_AG_012_1\"\n\t\t\t\tdata-description=\" \"\n\t\t\t\tdata-image-slug=\"20190126_ag_012_1-1\"\n\t\t\t\tclass=\"ngg-fancybox\" rel=\"2a61e2b49e705c01c4a4d1730e2430ad\">\n\t\t\t\t<img\n\t\t\t\t\ttitle=\"20190126_AG_012_1\"\n\t\t\t\t\talt=\"20190126_AG_012_1\"\n\t\t\t\t\tsrc=\"https:\/\/www.comitenervo.fr\/wp-content\/gallery\/20190126_ag\/thumbs\/thumbs_20190126_AG_012_1.JPG\"\n\t\t\t\t\twidth=\"100\"\n\t\t\t\t\theight=\"75\"\n\t\t\t\t\tstyle=\"max-width:100%;\"\n\t\t\t\t\/>\n\t\t\t<\/a>\n\t\t<\/div>\n\t\t\t\t\t\t\t<\/div> \n\t\t\t\n\t\t\t\t<div id=\"ngg-image-12\" class=\"ngg-gallery-thumbnail-box \n\t\t\t\t\t\t\t\t\t\t\t\" \n\t\t\t>\n\t\t\t\t\t\t<div class=\"ngg-gallery-thumbnail\">\n\t\t\t<a href=\"https:\/\/www.comitenervo.fr\/wp-content\/gallery\/20190126_ag\/20190126_AG_013_1.JPG\"\n\t\t\t\ttitle=\" \"\n\t\t\t\tdata-src=\"https:\/\/www.comitenervo.fr\/wp-content\/gallery\/20190126_ag\/20190126_AG_013_1.JPG\"\n\t\t\t\tdata-thumbnail=\"https:\/\/www.comitenervo.fr\/wp-content\/gallery\/20190126_ag\/thumbs\/thumbs_20190126_AG_013_1.JPG\"\n\t\t\t\tdata-image-id=\"3852\"\n\t\t\t\tdata-title=\"20190126_AG_013_1\"\n\t\t\t\tdata-description=\" \"\n\t\t\t\tdata-image-slug=\"20190126_ag_013_1-1\"\n\t\t\t\tclass=\"ngg-fancybox\" rel=\"2a61e2b49e705c01c4a4d1730e2430ad\">\n\t\t\t\t<img\n\t\t\t\t\ttitle=\"20190126_AG_013_1\"\n\t\t\t\t\talt=\"20190126_AG_013_1\"\n\t\t\t\t\tsrc=\"https:\/\/www.comitenervo.fr\/wp-content\/gallery\/20190126_ag\/thumbs\/thumbs_20190126_AG_013_1.JPG\"\n\t\t\t\t\twidth=\"100\"\n\t\t\t\t\theight=\"75\"\n\t\t\t\t\tstyle=\"max-width:100%;\"\n\t\t\t\t\/>\n\t\t\t<\/a>\n\t\t<\/div>\n\t\t\t\t\t\t\t<\/div> \n\t\t\t\n\t\t\t\t<div id=\"ngg-image-13\" class=\"ngg-gallery-thumbnail-box \n\t\t\t\t\t\t\t\t\t\t\t\" \n\t\t\t>\n\t\t\t\t\t\t<div class=\"ngg-gallery-thumbnail\">\n\t\t\t<a href=\"https:\/\/www.comitenervo.fr\/wp-content\/gallery\/20190126_ag\/20190126_AG_014_1.JPG\"\n\t\t\t\ttitle=\" \"\n\t\t\t\tdata-src=\"https:\/\/www.comitenervo.fr\/wp-content\/gallery\/20190126_ag\/20190126_AG_014_1.JPG\"\n\t\t\t\tdata-thumbnail=\"https:\/\/www.comitenervo.fr\/wp-content\/gallery\/20190126_ag\/thumbs\/thumbs_20190126_AG_014_1.JPG\"\n\t\t\t\tdata-image-id=\"3853\"\n\t\t\t\tdata-title=\"20190126_AG_014_1\"\n\t\t\t\tdata-description=\" \"\n\t\t\t\tdata-image-slug=\"20190126_ag_014_1-1\"\n\t\t\t\tclass=\"ngg-fancybox\" rel=\"2a61e2b49e705c01c4a4d1730e2430ad\">\n\t\t\t\t<img\n\t\t\t\t\ttitle=\"20190126_AG_014_1\"\n\t\t\t\t\talt=\"20190126_AG_014_1\"\n\t\t\t\t\tsrc=\"https:\/\/www.comitenervo.fr\/wp-content\/gallery\/20190126_ag\/thumbs\/thumbs_20190126_AG_014_1.JPG\"\n\t\t\t\t\twidth=\"100\"\n\t\t\t\t\theight=\"75\"\n\t\t\t\t\tstyle=\"max-width:100%;\"\n\t\t\t\t\/>\n\t\t\t<\/a>\n\t\t<\/div>\n\t\t\t\t\t\t\t<\/div> \n\t\t\t\n\t\n\t<br style=\"clear: both\" \/>\n\n\t\n\t\t<div class=\"ngg-clear\"><\/div>\n\t<\/div>\n\n\n\n<p><\/p>\n","protected":false},"excerpt":{"rendered":"<p>\u00a0<\/p>\n","protected":false},"author":1,"featured_media":0,"parent":6999,"menu_order":1,"comment_status":"closed","ping_status":"closed","template":"","meta":{"_monsterinsights_skip_tracking":false,"_monsterinsights_sitenote_active":false,"_monsterinsights_sitenote_note":"","_monsterinsights_sitenote_category":0,"ngg_post_thumbnail":0,"footnotes":""},"class_list":["post-7002","page","type-page","status-publish","hentry"],"_links":{"self":[{"href":"https:\/\/www.comitenervo.fr\/index.php?rest_route=\/wp\/v2\/pages\/7002","targetHints":{"allow":["GET"]}}],"collection":[{"href":"https:\/\/www.comitenervo.fr\/index.php?rest_route=\/wp\/v2\/pages"}],"about":[{"href":"https:\/\/www.comitenervo.fr\/index.php?rest_route=\/wp\/v2\/types\/page"}],"author":[{"embeddable":true,"href":"https:\/\/www.comitenervo.fr\/index.php?rest_route=\/wp\/v2\/users\/1"}],"replies":[{"embeddable":true,"href":"https:\/\/www.comitenervo.fr\/index.php?rest_route=%2Fwp%2Fv2%2Fcomments&post=7002"}],"version-history":[{"count":3,"href":"https:\/\/www.comitenervo.fr\/index.php?rest_route=\/wp\/v2\/pages\/7002\/revisions"}],"predecessor-version":[{"id":7040,"href":"https:\/\/www.comitenervo.fr\/index.php?rest_route=\/wp\/v2\/pages\/7002\/revisions\/7040"}],"up":[{"embeddable":true,"href":"https:\/\/www.comitenervo.fr\/index.php?rest_route=\/wp\/v2\/pages\/6999"}],"wp:attachment":[{"href":"https:\/\/www.comitenervo.fr\/index.php?rest_route=%2Fwp%2Fv2%2Fmedia&parent=7002"}],"curies":[{"name":"wp","href":"https:\/\/api.w.org\/{rel}","templated":true}]}}