{"id":6999,"date":"2019-02-05T21:31:33","date_gmt":"2019-02-05T20:31:33","guid":{"rendered":"https:\/\/www.comitenervo.fr\/?page_id=6999"},"modified":"2020-01-01T18:44:57","modified_gmt":"2020-01-01T17:44:57","slug":"photos-2019","status":"publish","type":"page","link":"https:\/\/www.comitenervo.fr\/?page_id=6999","title":{"rendered":"Photos 2019"},"content":{"rendered":"\r\n<table width=\"100%\" border=\"0.5\" cellspacing=\"0\" cellpadding=\"4\"><colgroup> <col width=\"128*\" \/> <col width=\"128*\" \/><\/colgroup>\r\n<tbody>\r\n<tr valign=\"CENTER\">\r\n<td style=\"text-align: center; vertical-align: middle;\" width=\"50%\"><span style=\"vertical-align: middle;\"><strong>Assembl\u00e9e G\u00e9n\u00e9rale du comit\u00e9 2019<\/span><\/td>\r\n<td style=\"text-align: right; width=\"50%\"><a class=\"shutterset_\" href=\"https:\/\/www.comitenervo.fr\/?page_id=7002\"><img loading=\"lazy\" decoding=\"async\" class=\"ngg-singlepic ngg-none\" src=\"https:\/\/www.comitenervo.fr\/wp-content\/gallery\/20190126_ag\/thumbs\/thumbs_20190126_AG_009_1.JPG\" alt=\"0\" width=\"100\" height=\"75\"><\/a><\/td>\r\n<\/tr>\r\n<tr valign=\"CENTER\">\r\n<td style=\"text-align: center; vertical-align: middle;\" width=\"50%\"><span style=\"vertical-align: middle;\"><strong>Bal country 2019<\/span><\/td>\r\n<td style=\"text-align: right;\" width=\"50%\"><a class=\"shutterset_\" href=\"https:\/\/www.comitenervo.fr\/?page_id=7469\"><img loading=\"lazy\" decoding=\"async\" class=\"ngg-singlepic ngg-none\" src=\"https:\/\/www.comitenervo.fr\/wp-content\/gallery\/20191103-country\/thumbs\/thumbs_20191103_Photos_Country.jpeg\" alt=\"0\" width=\"100\" height=\"75\" \/><\/a><\/td>\r\n<\/tr>\r\n<tr valign=\"CENTER\">\r\n<td style=\"text-align: center; vertical-align: middle;\" width=\"50%\"><span style=\"vertical-align: middle;\"><strong>R\u00e9ception des Ain\u00e9s 2019<\/span><\/td>\r\n<td style=\"text-align: right;\" width=\"50%\"><a class=\"shutterset_\" href=\"https:\/\/www.comitenervo.fr\/?page_id=7482\"><img loading=\"lazy\" decoding=\"async\" class=\"ngg-singlepic ngg-none\" src=\"https:\/\/www.comitenervo.fr\/wp-content\/gallery\/20191113_reception-des-aines\/thumbs\/thumbs_20191113_Reception_Aines_48.jpg\" alt=\"0\" width=\"100\" height=\"75\" \/><\/a><\/td>\r\n<\/tr>\r\n<tr valign=\"CENTER\">\r\n<td style=\"text-align: center; vertical-align: middle;\" width=\"50%\"><span style=\"vertical-align: middle;\"><strong>No\u00ebl des enfants 2019<\/span><\/td>\r\n<td style=\"text-align: right;\" width=\"50%\"><a class=\"shutterset_\" href=\"https:\/\/www.comitenervo.fr\/?page_id=7529\"><img loading=\"lazy\" decoding=\"async\" class=\"ngg-singlepic ngg-none\" src=\"https:\/\/www.comitenervo.fr\/wp-content\/gallery\/20191221_noel-enfants\/thumbs\/thumbs_20191221_Noel-enfants-001.jpg\" alt=\"0\" width=\"100\" height=\"75\" \/><\/a><\/td>\r\n<\/tr>\r\n<\/tbody>\r\n<\/table>\r\n","protected":false},"excerpt":{"rendered":"<p>Assembl\u00e9e G\u00e9n\u00e9rale du comit\u00e9 2019<\/p>\n","protected":false},"author":1,"featured_media":0,"parent":6996,"menu_order":1,"comment_status":"closed","ping_status":"closed","template":"","meta":{"_monsterinsights_skip_tracking":false,"_monsterinsights_sitenote_active":false,"_monsterinsights_sitenote_note":"","_monsterinsights_sitenote_category":0,"ngg_post_thumbnail":0,"footnotes":""},"class_list":["post-6999","page","type-page","status-publish","hentry"],"_links":{"self":[{"href":"https:\/\/www.comitenervo.fr\/index.php?rest_route=\/wp\/v2\/pages\/6999","targetHints":{"allow":["GET"]}}],"collection":[{"href":"https:\/\/www.comitenervo.fr\/index.php?rest_route=\/wp\/v2\/pages"}],"about":[{"href":"https:\/\/www.comitenervo.fr\/index.php?rest_route=\/wp\/v2\/types\/page"}],"author":[{"embeddable":true,"href":"https:\/\/www.comitenervo.fr\/index.php?rest_route=\/wp\/v2\/users\/1"}],"replies":[{"embeddable":true,"href":"https:\/\/www.comitenervo.fr\/index.php?rest_route=%2Fwp%2Fv2%2Fcomments&post=6999"}],"version-history":[{"count":13,"href":"https:\/\/www.comitenervo.fr\/index.php?rest_route=\/wp\/v2\/pages\/6999\/revisions"}],"predecessor-version":[{"id":7532,"href":"https:\/\/www.comitenervo.fr\/index.php?rest_route=\/wp\/v2\/pages\/6999\/revisions\/7532"}],"up":[{"embeddable":true,"href":"https:\/\/www.comitenervo.fr\/index.php?rest_route=\/wp\/v2\/pages\/6996"}],"wp:attachment":[{"href":"https:\/\/www.comitenervo.fr\/index.php?rest_route=%2Fwp%2Fv2%2Fmedia&parent=6999"}],"curies":[{"name":"wp","href":"https:\/\/api.w.org\/{rel}","templated":true}]}}

<table width="100%" border="0.5" cellspacing="0" cellpadding="4"><colgroup> <col width="128*" /> <col width="128*" /></colgroup>
<tbody>
<tr valign="CENTER">
<td style="text-align: center; vertical-align: middle;" width="50%"><span style="vertical-align: middle;"><strong>Assemblée Générale du comité 2019</span></td>
<td style="text-align: right; width="50%"><a class="shutterset_" href="https://www.comitenervo.fr/?page_id=7002"><img loading="lazy" decoding="async" class="ngg-singlepic ngg-none" src="https://www.comitenervo.fr/wp-content/gallery/20190126_ag/thumbs/thumbs_20190126_AG_009_1.JPG" alt="0" width="100" height="75"></a></td>
</tr>
<tr valign="CENTER">
<td style="text-align: center; vertical-align: middle;" width="50%"><span style="vertical-align: middle;"><strong>Bal country 2019</span></td>
<td style="text-align: right;" width="50%"><a class="shutterset_" href="https://www.comitenervo.fr/?page_id=7469"><img loading="lazy" decoding="async" class="ngg-singlepic ngg-none" src="https://www.comitenervo.fr/wp-content/gallery/20191103-country/thumbs/thumbs_20191103_Photos_Country.jpeg" alt="0" width="100" height="75" /></a></td>
</tr>
<tr valign="CENTER">
<td style="text-align: center; vertical-align: middle;" width="50%"><span style="vertical-align: middle;"><strong>Réception des Ainés 2019</span></td>
<td style="text-align: right;" width="50%"><a class="shutterset_" href="https://www.comitenervo.fr/?page_id=7482"><img loading="lazy" decoding="async" class="ngg-singlepic ngg-none" src="https://www.comitenervo.fr/wp-content/gallery/20191113_reception-des-aines/thumbs/thumbs_20191113_Reception_Aines_48.jpg" alt="0" width="100" height="75" /></a></td>
</tr>
<tr valign="CENTER">
<td style="text-align: center; vertical-align: middle;" width="50%"><span style="vertical-align: middle;"><strong>Noël des enfants 2019</span></td>
<td style="text-align: right;" width="50%"><a class="shutterset_" href="https://www.comitenervo.fr/?page_id=7529"><img loading="lazy" decoding="async" class="ngg-singlepic ngg-none" src="https://www.comitenervo.fr/wp-content/gallery/20191221_noel-enfants/thumbs/thumbs_20191221_Noel-enfants-001.jpg" alt="0" width="100" height="75" /></a></td>
</tr>
</tbody>
</table>

<p>Assemblée Générale du comité 2019</p>
