{"id":5390,"date":"2018-01-25T22:28:55","date_gmt":"2018-01-25T21:28:55","guid":{"rendered":"https:\/\/www.comitenervo.fr\/?page_id=5390"},"modified":"2018-12-27T17:42:05","modified_gmt":"2018-12-27T16:42:05","slug":"photos","status":"publish","type":"page","link":"https:\/\/www.comitenervo.fr\/?page_id=5390","title":{"rendered":"Photos 2018"},"content":{"rendered":"<table width=\"100%\" cellspacing=\"0\" cellpadding=\"4\" border=\"0.5\">\n<colgroup>\n<col width=\"128*\">\n<col width=\"128*\"> <\/colgroup>\n<tbody>\n<tr valign=\"CENTER\">\n<td style=\"text-align: center; vertical-align: middle;\" width=\"50%\"><span style=\"vertical-align: middle;\"><strong>Assembl\u00e9e g\u00e9n\u00e9rale 2018<\/strong><\/span><\/td>\n<td style=\"text-align: right;\" width=\"50%\"><a class=\"shutterset_\" href=\"https:\/\/www.comitenervo.fr\/?page_id=5392\"><img loading=\"lazy\" decoding=\"async\" class=\"ngg-singlepic ngg-none\" src=\"https:\/\/www.comitenervo.fr\/wp-content\/gallery\/20180120_ag\/thumbs\/thumbs_20180120_AG_21.JPG\" alt=\"0\" width=\"100\" height=\"75\"><\/a><\/td>\n<\/tr>\n<tr valign=\"CENTER\">\n<td style=\"text-align: center; vertical-align: middle;\" width=\"50%\"><span style=\"vertical-align: middle;\"><strong>Repas du comit\u00e9 2018<\/strong><\/span><\/td>\n<td style=\"text-align: right;\" width=\"50%\"><a class=\"shutterset_\" href=\"https:\/\/www.comitenervo.fr\/?page_id=5435\"><img loading=\"lazy\" decoding=\"async\" class=\"ngg-singlepic ngg-none\" src=\"https:\/\/www.comitenervo.fr\/wp-content\/gallery\/20180408_repas-du-comite\/thumbs\/thumbs_20180408_Repas_du_comite_08.JPG\" alt=\"0\" width=\"100\" height=\"75\"><\/a><\/td>\n<\/tr>\n<tr valign=\"CENTER\">\n<td style=\"text-align: center; vertical-align: middle;\" width=\"50%\"><span style=\"vertical-align: middle;\"><strong>Repas des joueurs de belote 2018<\/strong><\/span><\/td>\n<td style=\"text-align: right;\" width=\"50%\"><a class=\"shutterset_\" href=\"https:\/\/www.comitenervo.fr\/?page_id=5912\"><img loading=\"lazy\" decoding=\"async\" class=\"ngg-singlepic ngg-none\" src=\"https:\/\/www.comitenervo.fr\/wp-content\/gallery\/20180826_repas-belote\/thumbs\/thumbs_20180826_Repas_belote_09.JPG\" alt=\"0\" width=\"100\" height=\"75\"><\/a><\/td>\n<\/tr>\n<tr valign=\"CENTER\">\n<td style=\"text-align: center; vertical-align: middle;\" width=\"50%\"><span style=\"vertical-align: middle;\"><strong>Excursion au parc Pa\u00efri-Da\u00efza<\/strong><\/span><\/td>\n<td style=\"text-align: right;\" width=\"50%\"><a class=\"shutterset_\" href=\"https:\/\/www.comitenervo.fr\/?page_id=6199\"><img loading=\"lazy\" decoding=\"async\" class=\"ngg-singlepic ngg-none\" src=\"https:\/\/www.comitenervo.fr\/wp-content\/gallery\/20180826_pairi_daiza\/thumbs\/thumbs_20180909_PairiDaiza-047.JPG\" alt=\"0\" width=\"100\" height=\"75\"><\/a><\/td>\n<\/tr>\n<tr valign=\"CENTER\">\n<td style=\"text-align: center; vertical-align: middle;\" width=\"50%\"><span style=\"vertical-align: middle;\"><strong>March\u00e9 de Noel \u00e0 Bruges<\/span><\/td>\n<td style=\"text-align: right; width=\"50%\"><a class=\"shutterset_\" href=\"https:\/\/www.comitenervo.fr\/?page_id=6639\"><img loading=\"lazy\" decoding=\"async\" class=\"ngg-singlepic ngg-none\" src=\"https:\/\/www.comitenervo.fr\/wp-content\/gallery\/20181209_bruges\/thumbs\/thumbs_20181209_Bruges_021.JPG\" alt=\"0\" width=\"100\" height=\"75\"><\/a><\/td>\n<\/tr>\n<tr valign=\"CENTER\">\n<td style=\"text-align: center; vertical-align: middle;\" width=\"50%\"><span style=\"vertical-align: middle;\"><strong>No\u00ebl des enfants<\/span><\/td>\n<td style=\"text-align: right; width=\"50%\"><a class=\"shutterset_\" href=\"https:\/\/www.comitenervo.fr\/?page_id=6956\"><img loading=\"lazy\" decoding=\"async\" class=\"ngg-singlepic ngg-none\" src=\"https:\/\/www.comitenervo.fr\/wp-content\/gallery\/20181222_noel-des-enfants\/thumbs\/thumbs_20181222_Noel_des_enfants_07.JPG\" alt=\"0\" width=\"100\" height=\"75\"><\/a><\/td>\n<\/tr>\n<\/tbody>\n<\/table>\n","protected":false},"excerpt":{"rendered":"<p>Assembl\u00e9e g\u00e9n\u00e9rale 2018 Repas du comit\u00e9 2018 Repas des joueurs de belote 2018 Excursion au parc Pa\u00efri-Da\u00efza March\u00e9 de Noel \u00e0 Bruges<\/p>\n","protected":false},"author":1,"featured_media":0,"parent":5201,"menu_order":0,"comment_status":"closed","ping_status":"closed","template":"","meta":{"_monsterinsights_skip_tracking":false,"_monsterinsights_sitenote_active":false,"_monsterinsights_sitenote_note":"","_monsterinsights_sitenote_category":0,"ngg_post_thumbnail":0,"footnotes":""},"class_list":["post-5390","page","type-page","status-publish","hentry"],"_links":{"self":[{"href":"https:\/\/www.comitenervo.fr\/index.php?rest_route=\/wp\/v2\/pages\/5390","targetHints":{"allow":["GET"]}}],"collection":[{"href":"https:\/\/www.comitenervo.fr\/index.php?rest_route=\/wp\/v2\/pages"}],"about":[{"href":"https:\/\/www.comitenervo.fr\/index.php?rest_route=\/wp\/v2\/types\/page"}],"author":[{"embeddable":true,"href":"https:\/\/www.comitenervo.fr\/index.php?rest_route=\/wp\/v2\/users\/1"}],"replies":[{"embeddable":true,"href":"https:\/\/www.comitenervo.fr\/index.php?rest_route=%2Fwp%2Fv2%2Fcomments&post=5390"}],"version-history":[{"count":15,"href":"https:\/\/www.comitenervo.fr\/index.php?rest_route=\/wp\/v2\/pages\/5390\/revisions"}],"predecessor-version":[{"id":6960,"href":"https:\/\/www.comitenervo.fr\/index.php?rest_route=\/wp\/v2\/pages\/5390\/revisions\/6960"}],"up":[{"embeddable":true,"href":"https:\/\/www.comitenervo.fr\/index.php?rest_route=\/wp\/v2\/pages\/5201"}],"wp:attachment":[{"href":"https:\/\/www.comitenervo.fr\/index.php?rest_route=%2Fwp%2Fv2%2Fmedia&parent=5390"}],"curies":[{"name":"wp","href":"https:\/\/api.w.org\/{rel}","templated":true}]}}