{"id":2700,"date":"2015-03-16T21:14:44","date_gmt":"2015-03-16T20:14:44","guid":{"rendered":"https:\/\/www.comitenervo.fr\/?page_id=2700"},"modified":"2018-05-01T22:06:50","modified_gmt":"2018-05-01T20:06:50","slug":"photos","status":"publish","type":"page","link":"https:\/\/www.comitenervo.fr\/?page_id=2700","title":{"rendered":"Photos 2015"},"content":{"rendered":"<table width=\"100%\" border=\"0.5\" cellspacing=\"0\" cellpadding=\"4\">\n<colgroup>\n<col width=\"128*\" \/>\n<col width=\"128*\" \/><\/colgroup>\n<tbody>\n<tr valign=\"CENTER\">\n<td style=\"text-align: center;vertical-align: middle;\" width=\"50%\"><span style=\"vertical-align: middle; \"><strong>Repas du comit\u00e9<\/strong><\/span><\/td>\n<td style=\"text-align: right;\" width=\"50%\"><a class=\"shutterset_\" href=\"https:\/\/www.comitenervo.fr\/?page_id=2704\"><img loading=\"lazy\" decoding=\"async\" class=\"ngg-singlepic ngg-none \" src=\"https:\/\/www.comitenervo.fr\/wp-content\/gallery\/20150228_repas-comite\/thumbs\/thumbs_20150228_repas_comite_021.JPG\" alt=\"0\" width=\"100\" height=\"75\" \/><\/a><\/td>\n<\/tr>\n<tr valign=\"CENTER\">\n<td style=\"text-align: center;vertical-align: middle;\" width=\"50%\"><span style=\"vertical-align: middle;\"><strong>F\u00eate des voisins 2015<\/strong><\/span><\/td>\n<td style=\"text-align: right;\" width=\"50%\"><a class=\"shutterset_\" href=\"https:\/\/www.comitenervo.fr\/?page_id=3012\"><img loading=\"lazy\" decoding=\"async\" class=\"ngg-singlepic ngg-none \" src=\"https:\/\/www.comitenervo.fr\/wp-content\/gallery\/20150530_fete-des-voisins\/thumbs\/thumbs_20150530_fete_voisins_021.JPG\" alt=\"0\" width=\"100\" height=\"75\" \/><\/a><\/td>\n<\/tr>\n<tr valign=\"CENTER\">\n<td style=\"text-align: center;vertical-align: middle;\" width=\"50%\"><span style=\"vertical-align: middle; \"><strong>F\u00eate des ain\u00e9s 2015<\/strong><\/span><\/td>\n<td style=\"text-align: right;\" width=\"50%\"><a class=\"shutterset_\" href=\"https:\/\/www.comitenervo.fr\/?page_id=3243\"><img loading=\"lazy\" decoding=\"async\" class=\"ngg-singlepic ngg-none \" src=\"https:\/\/www.comitenervo.fr\/wp-content\/gallery\/20151125_fete-des-aines\/thumbs\/thumbs_20151125_fete_aines_11.JPG\" alt=\"0\" width=\"100\" height=\"75\" \/><\/a><\/td>\n<\/tr>\n<tr valign=\"CENTER\">\n<td style=\"text-align: center;vertical-align: middle;\" width=\"50%\"><span style=\"vertical-align: middle;\"><strong>No\u00ebl des enfants 2015<\/strong><\/span><\/td>\n<td style=\"text-align: right;\" width=\"50%\"><a class=\"shutterset_\" href=\"https:\/\/www.comitenervo.fr\/?page_id=3399\"><img loading=\"lazy\" decoding=\"async\" class=\"ngg-singlepic ngg-none \" src=\"https:\/\/www.comitenervo.fr\/wp-content\/gallery\/20151219_noel-des-enfants\/thumbs\/thumbs_20151219_noel_enfants_28.JPG\" alt=\"0\" width=\"100\" height=\"75\" \/><\/a><\/td>\n<\/tr>\n<\/tbody>\n<\/table>\n","protected":false},"excerpt":{"rendered":"<p>Repas du comit\u00e9 F\u00eate des voisins 2015 F\u00eate des ain\u00e9s 2015 No\u00ebl des enfants 2015<\/p>\n","protected":false},"author":1,"featured_media":0,"parent":2697,"menu_order":1,"comment_status":"closed","ping_status":"closed","template":"","meta":{"_monsterinsights_skip_tracking":false,"_monsterinsights_sitenote_active":false,"_monsterinsights_sitenote_note":"","_monsterinsights_sitenote_category":0,"ngg_post_thumbnail":0,"footnotes":""},"class_list":["post-2700","page","type-page","status-publish","hentry"],"_links":{"self":[{"href":"https:\/\/www.comitenervo.fr\/index.php?rest_route=\/wp\/v2\/pages\/2700","targetHints":{"allow":["GET"]}}],"collection":[{"href":"https:\/\/www.comitenervo.fr\/index.php?rest_route=\/wp\/v2\/pages"}],"about":[{"href":"https:\/\/www.comitenervo.fr\/index.php?rest_route=\/wp\/v2\/types\/page"}],"author":[{"embeddable":true,"href":"https:\/\/www.comitenervo.fr\/index.php?rest_route=\/wp\/v2\/users\/1"}],"replies":[{"embeddable":true,"href":"https:\/\/www.comitenervo.fr\/index.php?rest_route=%2Fwp%2Fv2%2Fcomments&post=2700"}],"version-history":[{"count":11,"href":"https:\/\/www.comitenervo.fr\/index.php?rest_route=\/wp\/v2\/pages\/2700\/revisions"}],"predecessor-version":[{"id":5790,"href":"https:\/\/www.comitenervo.fr\/index.php?rest_route=\/wp\/v2\/pages\/2700\/revisions\/5790"}],"up":[{"embeddable":true,"href":"https:\/\/www.comitenervo.fr\/index.php?rest_route=\/wp\/v2\/pages\/2697"}],"wp:attachment":[{"href":"https:\/\/www.comitenervo.fr\/index.php?rest_route=%2Fwp%2Fv2%2Fmedia&parent=2700"}],"curies":[{"name":"wp","href":"https:\/\/api.w.org\/{rel}","templated":true}]}}

<table width="100%" border="0.5" cellspacing="0" cellpadding="4">
<colgroup>
<col width="128*" />
<col width="128*" /></colgroup>
<tbody>
<tr valign="CENTER">
<td style="text-align: center;vertical-align: middle;" width="50%"><span style="vertical-align: middle; "><strong>Repas du comité</strong></span></td>
<td style="text-align: right;" width="50%"><a class="shutterset_" href="https://www.comitenervo.fr/?page_id=2704"><img loading="lazy" decoding="async" class="ngg-singlepic ngg-none " src="https://www.comitenervo.fr/wp-content/gallery/20150228_repas-comite/thumbs/thumbs_20150228_repas_comite_021.JPG" alt="0" width="100" height="75" /></a></td>
</tr>
<tr valign="CENTER">
<td style="text-align: center;vertical-align: middle;" width="50%"><span style="vertical-align: middle;"><strong>Fête des voisins 2015</strong></span></td>
<td style="text-align: right;" width="50%"><a class="shutterset_" href="https://www.comitenervo.fr/?page_id=3012"><img loading="lazy" decoding="async" class="ngg-singlepic ngg-none " src="https://www.comitenervo.fr/wp-content/gallery/20150530_fete-des-voisins/thumbs/thumbs_20150530_fete_voisins_021.JPG" alt="0" width="100" height="75" /></a></td>
</tr>
<tr valign="CENTER">
<td style="text-align: center;vertical-align: middle;" width="50%"><span style="vertical-align: middle; "><strong>Fête des ainés 2015</strong></span></td>
<td style="text-align: right;" width="50%"><a class="shutterset_" href="https://www.comitenervo.fr/?page_id=3243"><img loading="lazy" decoding="async" class="ngg-singlepic ngg-none " src="https://www.comitenervo.fr/wp-content/gallery/20151125_fete-des-aines/thumbs/thumbs_20151125_fete_aines_11.JPG" alt="0" width="100" height="75" /></a></td>
</tr>
<tr valign="CENTER">
<td style="text-align: center;vertical-align: middle;" width="50%"><span style="vertical-align: middle;"><strong>Noël des enfants 2015</strong></span></td>
<td style="text-align: right;" width="50%"><a class="shutterset_" href="https://www.comitenervo.fr/?page_id=3399"><img loading="lazy" decoding="async" class="ngg-singlepic ngg-none " src="https://www.comitenervo.fr/wp-content/gallery/20151219_noel-des-enfants/thumbs/thumbs_20151219_noel_enfants_28.JPG" alt="0" width="100" height="75" /></a></td>
</tr>
</tbody>
</table>

<p>Repas du comité Fête des voisins 2015 Fête des ainés 2015 Noël des enfants 2015</p>
