{"id":26,"date":"2011-08-01T20:32:21","date_gmt":"2011-08-01T18:32:21","guid":{"rendered":"https:\/\/www.comitenervo.fr\/?page_id=26"},"modified":"2018-05-02T20:07:40","modified_gmt":"2018-05-02T18:07:40","slug":"photo-test-1","status":"publish","type":"page","link":"https:\/\/www.comitenervo.fr\/?page_id=26","title":{"rendered":"Assembl\u00e9e g\u00e9n\u00e9rale du 29 Janvier 2011"},"content":{"rendered":"<p>&nbsp;<\/p>\n<!-- default-view.php -->\n<div\n\tclass=\"ngg-galleryoverview default-view \n\t ngg-ajax-pagination-none\t\"\n\tid=\"ngg-gallery-a4eb8862e5e37037ff56778a86a189a8-1\">\n\n\t\t<!-- Thumbnails -->\n\t\t\t\t<div id=\"ngg-image-0\" class=\"ngg-gallery-thumbnail-box \n\t\t\t\t\t\t\t\t\t\t\t\" \n\t\t\t>\n\t\t\t\t\t\t<div class=\"ngg-gallery-thumbnail\">\n\t\t\t<a href=\"https:\/\/www.comitenervo.fr\/wp-content\/gallery\/20110129_assemblee-generale_1\/20110129_assemblee-generale-001.jpg\"\n\t\t\t\ttitle=\"\"\n\t\t\t\tdata-src=\"https:\/\/www.comitenervo.fr\/wp-content\/gallery\/20110129_assemblee-generale_1\/20110129_assemblee-generale-001.jpg\"\n\t\t\t\tdata-thumbnail=\"https:\/\/www.comitenervo.fr\/wp-content\/gallery\/20110129_assemblee-generale_1\/thumbs\/thumbs_20110129_assemblee-generale-001.jpg\"\n\t\t\t\tdata-image-id=\"596\"\n\t\t\t\tdata-title=\"20110129_assemblee-generale-001\"\n\t\t\t\tdata-description=\"\"\n\t\t\t\tdata-image-slug=\"20110129_assemblee-generale-001-2\"\n\t\t\t\tclass=\"ngg-fancybox\" rel=\"a4eb8862e5e37037ff56778a86a189a8\">\n\t\t\t\t<img\n\t\t\t\t\ttitle=\"20110129_assemblee-generale-001\"\n\t\t\t\t\talt=\"20110129_assemblee-generale-001\"\n\t\t\t\t\tsrc=\"https:\/\/www.comitenervo.fr\/wp-content\/gallery\/20110129_assemblee-generale_1\/thumbs\/thumbs_20110129_assemblee-generale-001.jpg\"\n\t\t\t\t\twidth=\"100\"\n\t\t\t\t\theight=\"75\"\n\t\t\t\t\tstyle=\"max-width:100%;\"\n\t\t\t\t\/>\n\t\t\t<\/a>\n\t\t<\/div>\n\t\t\t\t\t\t\t<\/div> \n\t\t\t\n\t\t\t\t<div id=\"ngg-image-1\" class=\"ngg-gallery-thumbnail-box \n\t\t\t\t\t\t\t\t\t\t\t\" \n\t\t\t>\n\t\t\t\t\t\t<div class=\"ngg-gallery-thumbnail\">\n\t\t\t<a href=\"https:\/\/www.comitenervo.fr\/wp-content\/gallery\/20110129_assemblee-generale_1\/20110129_assemblee-generale-002.jpg\"\n\t\t\t\ttitle=\"\"\n\t\t\t\tdata-src=\"https:\/\/www.comitenervo.fr\/wp-content\/gallery\/20110129_assemblee-generale_1\/20110129_assemblee-generale-002.jpg\"\n\t\t\t\tdata-thumbnail=\"https:\/\/www.comitenervo.fr\/wp-content\/gallery\/20110129_assemblee-generale_1\/thumbs\/thumbs_20110129_assemblee-generale-002.jpg\"\n\t\t\t\tdata-image-id=\"597\"\n\t\t\t\tdata-title=\"20110129_assemblee-generale-002\"\n\t\t\t\tdata-description=\"\"\n\t\t\t\tdata-image-slug=\"20110129_assemblee-generale-002-2\"\n\t\t\t\tclass=\"ngg-fancybox\" rel=\"a4eb8862e5e37037ff56778a86a189a8\">\n\t\t\t\t<img\n\t\t\t\t\ttitle=\"20110129_assemblee-generale-002\"\n\t\t\t\t\talt=\"20110129_assemblee-generale-002\"\n\t\t\t\t\tsrc=\"https:\/\/www.comitenervo.fr\/wp-content\/gallery\/20110129_assemblee-generale_1\/thumbs\/thumbs_20110129_assemblee-generale-002.jpg\"\n\t\t\t\t\twidth=\"100\"\n\t\t\t\t\theight=\"75\"\n\t\t\t\t\tstyle=\"max-width:100%;\"\n\t\t\t\t\/>\n\t\t\t<\/a>\n\t\t<\/div>\n\t\t\t\t\t\t\t<\/div> \n\t\t\t\n\t\t\t\t<div id=\"ngg-image-2\" class=\"ngg-gallery-thumbnail-box \n\t\t\t\t\t\t\t\t\t\t\t\" \n\t\t\t>\n\t\t\t\t\t\t<div class=\"ngg-gallery-thumbnail\">\n\t\t\t<a href=\"https:\/\/www.comitenervo.fr\/wp-content\/gallery\/20110129_assemblee-generale_1\/20110129_assemblee-generale-003.jpg\"\n\t\t\t\ttitle=\"\"\n\t\t\t\tdata-src=\"https:\/\/www.comitenervo.fr\/wp-content\/gallery\/20110129_assemblee-generale_1\/20110129_assemblee-generale-003.jpg\"\n\t\t\t\tdata-thumbnail=\"https:\/\/www.comitenervo.fr\/wp-content\/gallery\/20110129_assemblee-generale_1\/thumbs\/thumbs_20110129_assemblee-generale-003.jpg\"\n\t\t\t\tdata-image-id=\"598\"\n\t\t\t\tdata-title=\"20110129_assemblee-generale-003\"\n\t\t\t\tdata-description=\"\"\n\t\t\t\tdata-image-slug=\"20110129_assemblee-generale-003-2\"\n\t\t\t\tclass=\"ngg-fancybox\" rel=\"a4eb8862e5e37037ff56778a86a189a8\">\n\t\t\t\t<img\n\t\t\t\t\ttitle=\"20110129_assemblee-generale-003\"\n\t\t\t\t\talt=\"20110129_assemblee-generale-003\"\n\t\t\t\t\tsrc=\"https:\/\/www.comitenervo.fr\/wp-content\/gallery\/20110129_assemblee-generale_1\/thumbs\/thumbs_20110129_assemblee-generale-003.jpg\"\n\t\t\t\t\twidth=\"100\"\n\t\t\t\t\theight=\"75\"\n\t\t\t\t\tstyle=\"max-width:100%;\"\n\t\t\t\t\/>\n\t\t\t<\/a>\n\t\t<\/div>\n\t\t\t\t\t\t\t<\/div> \n\t\t\t\n\t\t\t\t<div id=\"ngg-image-3\" class=\"ngg-gallery-thumbnail-box \n\t\t\t\t\t\t\t\t\t\t\t\" \n\t\t\t>\n\t\t\t\t\t\t<div class=\"ngg-gallery-thumbnail\">\n\t\t\t<a href=\"https:\/\/www.comitenervo.fr\/wp-content\/gallery\/20110129_assemblee-generale_1\/20110129_assemblee-generale-004.jpg\"\n\t\t\t\ttitle=\"\"\n\t\t\t\tdata-src=\"https:\/\/www.comitenervo.fr\/wp-content\/gallery\/20110129_assemblee-generale_1\/20110129_assemblee-generale-004.jpg\"\n\t\t\t\tdata-thumbnail=\"https:\/\/www.comitenervo.fr\/wp-content\/gallery\/20110129_assemblee-generale_1\/thumbs\/thumbs_20110129_assemblee-generale-004.jpg\"\n\t\t\t\tdata-image-id=\"599\"\n\t\t\t\tdata-title=\"20110129_assemblee-generale-004\"\n\t\t\t\tdata-description=\"\"\n\t\t\t\tdata-image-slug=\"20110129_assemblee-generale-004-2\"\n\t\t\t\tclass=\"ngg-fancybox\" rel=\"a4eb8862e5e37037ff56778a86a189a8\">\n\t\t\t\t<img\n\t\t\t\t\ttitle=\"20110129_assemblee-generale-004\"\n\t\t\t\t\talt=\"20110129_assemblee-generale-004\"\n\t\t\t\t\tsrc=\"https:\/\/www.comitenervo.fr\/wp-content\/gallery\/20110129_assemblee-generale_1\/thumbs\/thumbs_20110129_assemblee-generale-004.jpg\"\n\t\t\t\t\twidth=\"100\"\n\t\t\t\t\theight=\"75\"\n\t\t\t\t\tstyle=\"max-width:100%;\"\n\t\t\t\t\/>\n\t\t\t<\/a>\n\t\t<\/div>\n\t\t\t\t\t\t\t<\/div> \n\t\t\t\n\t\t\t\t<div id=\"ngg-image-4\" class=\"ngg-gallery-thumbnail-box \n\t\t\t\t\t\t\t\t\t\t\t\" \n\t\t\t>\n\t\t\t\t\t\t<div class=\"ngg-gallery-thumbnail\">\n\t\t\t<a href=\"https:\/\/www.comitenervo.fr\/wp-content\/gallery\/20110129_assemblee-generale_1\/20110129_assemblee-generale-005.jpg\"\n\t\t\t\ttitle=\"\"\n\t\t\t\tdata-src=\"https:\/\/www.comitenervo.fr\/wp-content\/gallery\/20110129_assemblee-generale_1\/20110129_assemblee-generale-005.jpg\"\n\t\t\t\tdata-thumbnail=\"https:\/\/www.comitenervo.fr\/wp-content\/gallery\/20110129_assemblee-generale_1\/thumbs\/thumbs_20110129_assemblee-generale-005.jpg\"\n\t\t\t\tdata-image-id=\"600\"\n\t\t\t\tdata-title=\"20110129_assemblee-generale-005\"\n\t\t\t\tdata-description=\"\"\n\t\t\t\tdata-image-slug=\"20110129_assemblee-generale-005-2\"\n\t\t\t\tclass=\"ngg-fancybox\" rel=\"a4eb8862e5e37037ff56778a86a189a8\">\n\t\t\t\t<img\n\t\t\t\t\ttitle=\"20110129_assemblee-generale-005\"\n\t\t\t\t\talt=\"20110129_assemblee-generale-005\"\n\t\t\t\t\tsrc=\"https:\/\/www.comitenervo.fr\/wp-content\/gallery\/20110129_assemblee-generale_1\/thumbs\/thumbs_20110129_assemblee-generale-005.jpg\"\n\t\t\t\t\twidth=\"100\"\n\t\t\t\t\theight=\"75\"\n\t\t\t\t\tstyle=\"max-width:100%;\"\n\t\t\t\t\/>\n\t\t\t<\/a>\n\t\t<\/div>\n\t\t\t\t\t\t\t<\/div> \n\t\t\t\n\t\t\t\t<div id=\"ngg-image-5\" class=\"ngg-gallery-thumbnail-box \n\t\t\t\t\t\t\t\t\t\t\t\" \n\t\t\t>\n\t\t\t\t\t\t<div class=\"ngg-gallery-thumbnail\">\n\t\t\t<a href=\"https:\/\/www.comitenervo.fr\/wp-content\/gallery\/20110129_assemblee-generale_1\/20110129_assemblee-generale-006.jpg\"\n\t\t\t\ttitle=\"\"\n\t\t\t\tdata-src=\"https:\/\/www.comitenervo.fr\/wp-content\/gallery\/20110129_assemblee-generale_1\/20110129_assemblee-generale-006.jpg\"\n\t\t\t\tdata-thumbnail=\"https:\/\/www.comitenervo.fr\/wp-content\/gallery\/20110129_assemblee-generale_1\/thumbs\/thumbs_20110129_assemblee-generale-006.jpg\"\n\t\t\t\tdata-image-id=\"601\"\n\t\t\t\tdata-title=\"20110129_assemblee-generale-006\"\n\t\t\t\tdata-description=\"\"\n\t\t\t\tdata-image-slug=\"20110129_assemblee-generale-006-2\"\n\t\t\t\tclass=\"ngg-fancybox\" rel=\"a4eb8862e5e37037ff56778a86a189a8\">\n\t\t\t\t<img\n\t\t\t\t\ttitle=\"20110129_assemblee-generale-006\"\n\t\t\t\t\talt=\"20110129_assemblee-generale-006\"\n\t\t\t\t\tsrc=\"https:\/\/www.comitenervo.fr\/wp-content\/gallery\/20110129_assemblee-generale_1\/thumbs\/thumbs_20110129_assemblee-generale-006.jpg\"\n\t\t\t\t\twidth=\"100\"\n\t\t\t\t\theight=\"75\"\n\t\t\t\t\tstyle=\"max-width:100%;\"\n\t\t\t\t\/>\n\t\t\t<\/a>\n\t\t<\/div>\n\t\t\t\t\t\t\t<\/div> \n\t\t\t\n\t\t\t\t<div id=\"ngg-image-6\" class=\"ngg-gallery-thumbnail-box \n\t\t\t\t\t\t\t\t\t\t\t\" \n\t\t\t>\n\t\t\t\t\t\t<div class=\"ngg-gallery-thumbnail\">\n\t\t\t<a href=\"https:\/\/www.comitenervo.fr\/wp-content\/gallery\/20110129_assemblee-generale_1\/20110129_assemblee-generale-007.jpg\"\n\t\t\t\ttitle=\"\"\n\t\t\t\tdata-src=\"https:\/\/www.comitenervo.fr\/wp-content\/gallery\/20110129_assemblee-generale_1\/20110129_assemblee-generale-007.jpg\"\n\t\t\t\tdata-thumbnail=\"https:\/\/www.comitenervo.fr\/wp-content\/gallery\/20110129_assemblee-generale_1\/thumbs\/thumbs_20110129_assemblee-generale-007.jpg\"\n\t\t\t\tdata-image-id=\"602\"\n\t\t\t\tdata-title=\"20110129_assemblee-generale-007\"\n\t\t\t\tdata-description=\"\"\n\t\t\t\tdata-image-slug=\"20110129_assemblee-generale-007-2\"\n\t\t\t\tclass=\"ngg-fancybox\" rel=\"a4eb8862e5e37037ff56778a86a189a8\">\n\t\t\t\t<img\n\t\t\t\t\ttitle=\"20110129_assemblee-generale-007\"\n\t\t\t\t\talt=\"20110129_assemblee-generale-007\"\n\t\t\t\t\tsrc=\"https:\/\/www.comitenervo.fr\/wp-content\/gallery\/20110129_assemblee-generale_1\/thumbs\/thumbs_20110129_assemblee-generale-007.jpg\"\n\t\t\t\t\twidth=\"100\"\n\t\t\t\t\theight=\"75\"\n\t\t\t\t\tstyle=\"max-width:100%;\"\n\t\t\t\t\/>\n\t\t\t<\/a>\n\t\t<\/div>\n\t\t\t\t\t\t\t<\/div> \n\t\t\t\n\t\t\t\t<div id=\"ngg-image-7\" class=\"ngg-gallery-thumbnail-box \n\t\t\t\t\t\t\t\t\t\t\t\" \n\t\t\t>\n\t\t\t\t\t\t<div class=\"ngg-gallery-thumbnail\">\n\t\t\t<a href=\"https:\/\/www.comitenervo.fr\/wp-content\/gallery\/20110129_assemblee-generale_1\/20110129_assemblee-generale-008.jpg\"\n\t\t\t\ttitle=\"\"\n\t\t\t\tdata-src=\"https:\/\/www.comitenervo.fr\/wp-content\/gallery\/20110129_assemblee-generale_1\/20110129_assemblee-generale-008.jpg\"\n\t\t\t\tdata-thumbnail=\"https:\/\/www.comitenervo.fr\/wp-content\/gallery\/20110129_assemblee-generale_1\/thumbs\/thumbs_20110129_assemblee-generale-008.jpg\"\n\t\t\t\tdata-image-id=\"603\"\n\t\t\t\tdata-title=\"20110129_assemblee-generale-008\"\n\t\t\t\tdata-description=\"\"\n\t\t\t\tdata-image-slug=\"20110129_assemblee-generale-008-2\"\n\t\t\t\tclass=\"ngg-fancybox\" rel=\"a4eb8862e5e37037ff56778a86a189a8\">\n\t\t\t\t<img\n\t\t\t\t\ttitle=\"20110129_assemblee-generale-008\"\n\t\t\t\t\talt=\"20110129_assemblee-generale-008\"\n\t\t\t\t\tsrc=\"https:\/\/www.comitenervo.fr\/wp-content\/gallery\/20110129_assemblee-generale_1\/thumbs\/thumbs_20110129_assemblee-generale-008.jpg\"\n\t\t\t\t\twidth=\"100\"\n\t\t\t\t\theight=\"75\"\n\t\t\t\t\tstyle=\"max-width:100%;\"\n\t\t\t\t\/>\n\t\t\t<\/a>\n\t\t<\/div>\n\t\t\t\t\t\t\t<\/div> \n\t\t\t\n\t\t\t\t<div id=\"ngg-image-8\" class=\"ngg-gallery-thumbnail-box \n\t\t\t\t\t\t\t\t\t\t\t\" \n\t\t\t>\n\t\t\t\t\t\t<div class=\"ngg-gallery-thumbnail\">\n\t\t\t<a href=\"https:\/\/www.comitenervo.fr\/wp-content\/gallery\/20110129_assemblee-generale_1\/20110129_assemblee-generale-009.jpg\"\n\t\t\t\ttitle=\"\"\n\t\t\t\tdata-src=\"https:\/\/www.comitenervo.fr\/wp-content\/gallery\/20110129_assemblee-generale_1\/20110129_assemblee-generale-009.jpg\"\n\t\t\t\tdata-thumbnail=\"https:\/\/www.comitenervo.fr\/wp-content\/gallery\/20110129_assemblee-generale_1\/thumbs\/thumbs_20110129_assemblee-generale-009.jpg\"\n\t\t\t\tdata-image-id=\"604\"\n\t\t\t\tdata-title=\"20110129_assemblee-generale-009\"\n\t\t\t\tdata-description=\"\"\n\t\t\t\tdata-image-slug=\"20110129_assemblee-generale-009-2\"\n\t\t\t\tclass=\"ngg-fancybox\" rel=\"a4eb8862e5e37037ff56778a86a189a8\">\n\t\t\t\t<img\n\t\t\t\t\ttitle=\"20110129_assemblee-generale-009\"\n\t\t\t\t\talt=\"20110129_assemblee-generale-009\"\n\t\t\t\t\tsrc=\"https:\/\/www.comitenervo.fr\/wp-content\/gallery\/20110129_assemblee-generale_1\/thumbs\/thumbs_20110129_assemblee-generale-009.jpg\"\n\t\t\t\t\twidth=\"100\"\n\t\t\t\t\theight=\"75\"\n\t\t\t\t\tstyle=\"max-width:100%;\"\n\t\t\t\t\/>\n\t\t\t<\/a>\n\t\t<\/div>\n\t\t\t\t\t\t\t<\/div> \n\t\t\t\n\t\t\t\t<div id=\"ngg-image-9\" class=\"ngg-gallery-thumbnail-box \n\t\t\t\t\t\t\t\t\t\t\t\" \n\t\t\t>\n\t\t\t\t\t\t<div class=\"ngg-gallery-thumbnail\">\n\t\t\t<a href=\"https:\/\/www.comitenervo.fr\/wp-content\/gallery\/20110129_assemblee-generale_1\/20110129_assemblee-generale-010.jpg\"\n\t\t\t\ttitle=\"\"\n\t\t\t\tdata-src=\"https:\/\/www.comitenervo.fr\/wp-content\/gallery\/20110129_assemblee-generale_1\/20110129_assemblee-generale-010.jpg\"\n\t\t\t\tdata-thumbnail=\"https:\/\/www.comitenervo.fr\/wp-content\/gallery\/20110129_assemblee-generale_1\/thumbs\/thumbs_20110129_assemblee-generale-010.jpg\"\n\t\t\t\tdata-image-id=\"605\"\n\t\t\t\tdata-title=\"20110129_assemblee-generale-010\"\n\t\t\t\tdata-description=\"\"\n\t\t\t\tdata-image-slug=\"20110129_assemblee-generale-010-2\"\n\t\t\t\tclass=\"ngg-fancybox\" rel=\"a4eb8862e5e37037ff56778a86a189a8\">\n\t\t\t\t<img\n\t\t\t\t\ttitle=\"20110129_assemblee-generale-010\"\n\t\t\t\t\talt=\"20110129_assemblee-generale-010\"\n\t\t\t\t\tsrc=\"https:\/\/www.comitenervo.fr\/wp-content\/gallery\/20110129_assemblee-generale_1\/thumbs\/thumbs_20110129_assemblee-generale-010.jpg\"\n\t\t\t\t\twidth=\"100\"\n\t\t\t\t\theight=\"75\"\n\t\t\t\t\tstyle=\"max-width:100%;\"\n\t\t\t\t\/>\n\t\t\t<\/a>\n\t\t<\/div>\n\t\t\t\t\t\t\t<\/div> \n\t\t\t\n\t\t\t\t<div id=\"ngg-image-10\" class=\"ngg-gallery-thumbnail-box \n\t\t\t\t\t\t\t\t\t\t\t\" \n\t\t\t>\n\t\t\t\t\t\t<div class=\"ngg-gallery-thumbnail\">\n\t\t\t<a href=\"https:\/\/www.comitenervo.fr\/wp-content\/gallery\/20110129_assemblee-generale_1\/20110129_assemblee-generale-011.jpg\"\n\t\t\t\ttitle=\"\"\n\t\t\t\tdata-src=\"https:\/\/www.comitenervo.fr\/wp-content\/gallery\/20110129_assemblee-generale_1\/20110129_assemblee-generale-011.jpg\"\n\t\t\t\tdata-thumbnail=\"https:\/\/www.comitenervo.fr\/wp-content\/gallery\/20110129_assemblee-generale_1\/thumbs\/thumbs_20110129_assemblee-generale-011.jpg\"\n\t\t\t\tdata-image-id=\"606\"\n\t\t\t\tdata-title=\"20110129_assemblee-generale-011\"\n\t\t\t\tdata-description=\"\"\n\t\t\t\tdata-image-slug=\"20110129_assemblee-generale-011\"\n\t\t\t\tclass=\"ngg-fancybox\" rel=\"a4eb8862e5e37037ff56778a86a189a8\">\n\t\t\t\t<img\n\t\t\t\t\ttitle=\"20110129_assemblee-generale-011\"\n\t\t\t\t\talt=\"20110129_assemblee-generale-011\"\n\t\t\t\t\tsrc=\"https:\/\/www.comitenervo.fr\/wp-content\/gallery\/20110129_assemblee-generale_1\/thumbs\/thumbs_20110129_assemblee-generale-011.jpg\"\n\t\t\t\t\twidth=\"100\"\n\t\t\t\t\theight=\"75\"\n\t\t\t\t\tstyle=\"max-width:100%;\"\n\t\t\t\t\/>\n\t\t\t<\/a>\n\t\t<\/div>\n\t\t\t\t\t\t\t<\/div> \n\t\t\t\n\t\t\t\t<div id=\"ngg-image-11\" class=\"ngg-gallery-thumbnail-box \n\t\t\t\t\t\t\t\t\t\t\t\" \n\t\t\t>\n\t\t\t\t\t\t<div class=\"ngg-gallery-thumbnail\">\n\t\t\t<a href=\"https:\/\/www.comitenervo.fr\/wp-content\/gallery\/20110129_assemblee-generale_1\/20110129_assemblee-generale-012.jpg\"\n\t\t\t\ttitle=\"\"\n\t\t\t\tdata-src=\"https:\/\/www.comitenervo.fr\/wp-content\/gallery\/20110129_assemblee-generale_1\/20110129_assemblee-generale-012.jpg\"\n\t\t\t\tdata-thumbnail=\"https:\/\/www.comitenervo.fr\/wp-content\/gallery\/20110129_assemblee-generale_1\/thumbs\/thumbs_20110129_assemblee-generale-012.jpg\"\n\t\t\t\tdata-image-id=\"607\"\n\t\t\t\tdata-title=\"20110129_assemblee-generale-012\"\n\t\t\t\tdata-description=\"\"\n\t\t\t\tdata-image-slug=\"20110129_assemblee-generale-012\"\n\t\t\t\tclass=\"ngg-fancybox\" rel=\"a4eb8862e5e37037ff56778a86a189a8\">\n\t\t\t\t<img\n\t\t\t\t\ttitle=\"20110129_assemblee-generale-012\"\n\t\t\t\t\talt=\"20110129_assemblee-generale-012\"\n\t\t\t\t\tsrc=\"https:\/\/www.comitenervo.fr\/wp-content\/gallery\/20110129_assemblee-generale_1\/thumbs\/thumbs_20110129_assemblee-generale-012.jpg\"\n\t\t\t\t\twidth=\"100\"\n\t\t\t\t\theight=\"75\"\n\t\t\t\t\tstyle=\"max-width:100%;\"\n\t\t\t\t\/>\n\t\t\t<\/a>\n\t\t<\/div>\n\t\t\t\t\t\t\t<\/div> \n\t\t\t\n\t\t\t\t<div id=\"ngg-image-12\" class=\"ngg-gallery-thumbnail-box \n\t\t\t\t\t\t\t\t\t\t\t\" \n\t\t\t>\n\t\t\t\t\t\t<div class=\"ngg-gallery-thumbnail\">\n\t\t\t<a href=\"https:\/\/www.comitenervo.fr\/wp-content\/gallery\/20110129_assemblee-generale_1\/20110129_assemblee-generale-013.jpg\"\n\t\t\t\ttitle=\"\"\n\t\t\t\tdata-src=\"https:\/\/www.comitenervo.fr\/wp-content\/gallery\/20110129_assemblee-generale_1\/20110129_assemblee-generale-013.jpg\"\n\t\t\t\tdata-thumbnail=\"https:\/\/www.comitenervo.fr\/wp-content\/gallery\/20110129_assemblee-generale_1\/thumbs\/thumbs_20110129_assemblee-generale-013.jpg\"\n\t\t\t\tdata-image-id=\"608\"\n\t\t\t\tdata-title=\"20110129_assemblee-generale-013\"\n\t\t\t\tdata-description=\"\"\n\t\t\t\tdata-image-slug=\"20110129_assemblee-generale-013\"\n\t\t\t\tclass=\"ngg-fancybox\" rel=\"a4eb8862e5e37037ff56778a86a189a8\">\n\t\t\t\t<img\n\t\t\t\t\ttitle=\"20110129_assemblee-generale-013\"\n\t\t\t\t\talt=\"20110129_assemblee-generale-013\"\n\t\t\t\t\tsrc=\"https:\/\/www.comitenervo.fr\/wp-content\/gallery\/20110129_assemblee-generale_1\/thumbs\/thumbs_20110129_assemblee-generale-013.jpg\"\n\t\t\t\t\twidth=\"100\"\n\t\t\t\t\theight=\"75\"\n\t\t\t\t\tstyle=\"max-width:100%;\"\n\t\t\t\t\/>\n\t\t\t<\/a>\n\t\t<\/div>\n\t\t\t\t\t\t\t<\/div> \n\t\t\t\n\t\t\t\t<div id=\"ngg-image-13\" class=\"ngg-gallery-thumbnail-box \n\t\t\t\t\t\t\t\t\t\t\t\" \n\t\t\t>\n\t\t\t\t\t\t<div class=\"ngg-gallery-thumbnail\">\n\t\t\t<a href=\"https:\/\/www.comitenervo.fr\/wp-content\/gallery\/20110129_assemblee-generale_1\/20110129_assemblee-generale-014.jpg\"\n\t\t\t\ttitle=\"\"\n\t\t\t\tdata-src=\"https:\/\/www.comitenervo.fr\/wp-content\/gallery\/20110129_assemblee-generale_1\/20110129_assemblee-generale-014.jpg\"\n\t\t\t\tdata-thumbnail=\"https:\/\/www.comitenervo.fr\/wp-content\/gallery\/20110129_assemblee-generale_1\/thumbs\/thumbs_20110129_assemblee-generale-014.jpg\"\n\t\t\t\tdata-image-id=\"609\"\n\t\t\t\tdata-title=\"20110129_assemblee-generale-014\"\n\t\t\t\tdata-description=\"\"\n\t\t\t\tdata-image-slug=\"20110129_assemblee-generale-014\"\n\t\t\t\tclass=\"ngg-fancybox\" rel=\"a4eb8862e5e37037ff56778a86a189a8\">\n\t\t\t\t<img\n\t\t\t\t\ttitle=\"20110129_assemblee-generale-014\"\n\t\t\t\t\talt=\"20110129_assemblee-generale-014\"\n\t\t\t\t\tsrc=\"https:\/\/www.comitenervo.fr\/wp-content\/gallery\/20110129_assemblee-generale_1\/thumbs\/thumbs_20110129_assemblee-generale-014.jpg\"\n\t\t\t\t\twidth=\"100\"\n\t\t\t\t\theight=\"75\"\n\t\t\t\t\tstyle=\"max-width:100%;\"\n\t\t\t\t\/>\n\t\t\t<\/a>\n\t\t<\/div>\n\t\t\t\t\t\t\t<\/div> \n\t\t\t\n\t\n\t<br style=\"clear: both\" \/>\n\n\t\n\t\t<div class=\"ngg-clear\"><\/div>\n\t<\/div>\n\n","protected":false},"excerpt":{"rendered":"<p>&nbsp;<\/p>\n","protected":false},"author":1,"featured_media":0,"parent":13,"menu_order":0,"comment_status":"closed","ping_status":"closed","template":"sidebar-page.php","meta":{"_monsterinsights_skip_tracking":false,"_monsterinsights_sitenote_active":false,"_monsterinsights_sitenote_note":"","_monsterinsights_sitenote_category":0,"ngg_post_thumbnail":0,"footnotes":""},"class_list":["post-26","page","type-page","status-publish","hentry"],"_links":{"self":[{"href":"https:\/\/www.comitenervo.fr\/index.php?rest_route=\/wp\/v2\/pages\/26","targetHints":{"allow":["GET"]}}],"collection":[{"href":"https:\/\/www.comitenervo.fr\/index.php?rest_route=\/wp\/v2\/pages"}],"about":[{"href":"https:\/\/www.comitenervo.fr\/index.php?rest_route=\/wp\/v2\/types\/page"}],"author":[{"embeddable":true,"href":"https:\/\/www.comitenervo.fr\/index.php?rest_route=\/wp\/v2\/users\/1"}],"replies":[{"embeddable":true,"href":"https:\/\/www.comitenervo.fr\/index.php?rest_route=%2Fwp%2Fv2%2Fcomments&post=26"}],"version-history":[{"count":7,"href":"https:\/\/www.comitenervo.fr\/index.php?rest_route=\/wp\/v2\/pages\/26\/revisions"}],"predecessor-version":[{"id":5805,"href":"https:\/\/www.comitenervo.fr\/index.php?rest_route=\/wp\/v2\/pages\/26\/revisions\/5805"}],"up":[{"embeddable":true,"href":"https:\/\/www.comitenervo.fr\/index.php?rest_route=\/wp\/v2\/pages\/13"}],"wp:attachment":[{"href":"https:\/\/www.comitenervo.fr\/index.php?rest_route=%2Fwp%2Fv2%2Fmedia&parent=26"}],"curies":[{"name":"wp","href":"https:\/\/api.w.org\/{rel}","templated":true}]}}