{"id":1717,"date":"2014-02-09T20:11:34","date_gmt":"2014-02-09T19:11:34","guid":{"rendered":"https:\/\/www.comitenervo.fr\/?page_id=1717"},"modified":"2018-05-01T22:06:41","modified_gmt":"2018-05-01T20:06:41","slug":"photos","status":"publish","type":"page","link":"https:\/\/www.comitenervo.fr\/?page_id=1717","title":{"rendered":"Photos 2014"},"content":{"rendered":"<table border=\"0.5\" width=\"100%\" cellspacing=\"0\" cellpadding=\"4\">\n<colgroup>\n<col width=\"128*\" \/>\n<col width=\"128*\" \/><\/colgroup>\n<tbody>\n<tr valign=\"CENTER\">\n<td style=\"text-align: center;vertical-align: middle;\" width=\"50%\"><span style=\"vertical-align: middle; \"><strong>Assembl\u00e9e G\u00e9n\u00e9rale 2014<\/strong><\/span><\/td>\n<td style=\"text-align: right;\" width=\"50%\"><a class=\"shutterset_\" href=\"https:\/\/www.comitenervo.fr\/?page_id=1713\"><img loading=\"lazy\" decoding=\"async\" class=\"ngg-singlepic ngg-none \" src=\"https:\/\/www.comitenervo.fr\/wp-content\/gallery\/20140118_assemblee-generale\/thumbs\/thumbs_20140118_assemblee_generale_005.jpg\" alt=\"0\" width=\"100\" height=\"75\" \/><\/a><\/td>\n<\/tr>\n<tr valign=\"CENTER\">\n<td style=\"text-align: center;vertical-align: middle;\" width=\"50%\"><span style=\"vertical-align: middle; \"><strong>Excursion au parc Pairi Daiza<\/strong><\/span><\/td>\n<td style=\"text-align: right;\" width=\"50%\"><a class=\"shutterset_\" href=\"https:\/\/www.comitenervo.fr\/?page_id=2030\"><img loading=\"lazy\" decoding=\"async\" class=\"ngg-singlepic ngg-none \" src=\"https:\/\/www.comitenervo.fr\/wp-content\/gallery\/20140511_excursion-pairidaiza\/thumbs\/thumbs_20140511_excursion_pairidaiza_041.JPG\" alt=\"0\" width=\"100\" height=\"75\" \/><\/a><\/td>\n<\/tr>\n<tr valign=\"CENTER\">\n<td style=\"text-align: center;vertical-align: middle;\" width=\"50%\"><span style=\"vertical-align: middle; \"><strong>F\u00eate des voisins 2014<\/strong><\/span><\/td>\n<td style=\"text-align: right;\" width=\"50%\"><a class=\"shutterset_\" href=\"https:\/\/www.comitenervo.fr\/?page_id=2130\"><img loading=\"lazy\" decoding=\"async\" class=\"ngg-singlepic ngg-none \" src=\"https:\/\/www.comitenervo.fr\/wp-content\/gallery\/20140524_fete-des-voisins\/thumbs\/thumbs_20140524_fete_des_voisins_033.JPG\" alt=\"0\" width=\"100\" height=\"75\" \/><\/a><\/td>\n<\/tr>\n<tr valign=\"CENTER\">\n<td style=\"text-align: center;vertical-align: middle;\" width=\"50%\"><span style=\"vertical-align: middle; \"><strong>Brocante 2014<\/strong><\/span><\/td>\n<td style=\"text-align: right;\" width=\"50%\"><a class=\"shutterset_\" href=\"https:\/\/www.comitenervo.fr\/?page_id=2270\"><img loading=\"lazy\" decoding=\"async\" class=\"ngg-singlepic ngg-none \" src=\"https:\/\/www.comitenervo.fr\/wp-content\/gallery\/20140706_brocante\/thumbs\/thumbs_20140706_brocante_039.JPG\" alt=\"0\" width=\"100\" height=\"75\" \/><\/a><\/td>\n<\/tr>\n<tr valign=\"CENTER\">\n<td style=\"text-align: center;vertical-align: middle;\" width=\"50%\"><span style=\"vertical-align: middle; \"><strong>Bal country 2014<\/strong><\/span><\/td>\n<td style=\"text-align: right;\" width=\"50%\"><a class=\"shutterset_\" href=\"https:\/\/www.comitenervo.fr\/?page_id=2444\"><img loading=\"lazy\" decoding=\"async\" class=\"ngg-singlepic ngg-none \" src=\"https:\/\/www.comitenervo.fr\/wp-content\/gallery\/20141116_bal-country\/thumbs\/thumbs_20141116_Bal_country_004.JPG\" alt=\"0\" width=\"100\" height=\"75\" \/><\/a><\/td>\n<\/tr>\n<tr valign=\"CENTER\">\n<td style=\"text-align: center;vertical-align: middle;\" width=\"50%\"><span style=\"vertical-align: middle; \"><strong>F\u00eate des ain\u00e9s 2014<\/strong><\/span><\/td>\n<td style=\"text-align: right;\" width=\"50%\"><a class=\"shutterset_\" href=\"https:\/\/www.comitenervo.fr\/?page_id=2575\"><img loading=\"lazy\" decoding=\"async\" class=\"ngg-singlepic ngg-none \" src=\"https:\/\/www.comitenervo.fr\/wp-content\/gallery\/20141126_fete-des-aines\/thumbs\/thumbs_20141126_fete_des_anciens_034.JPG\" alt=\"0\" width=\"100\" height=\"75\" \/><\/a><\/td>\n<\/tr>\n<tr valign=\"CENTER\">\n<td style=\"text-align: center;vertical-align: middle;\" width=\"50%\"><span style=\"vertical-align: middle; \"><strong>No\u00ebl des enfants 2014<\/strong><\/span><\/td>\n<td style=\"text-align: right;\" width=\"50%\"><a class=\"shutterset_\" href=\"https:\/\/www.comitenervo.fr\/?page_id=2659\"><img loading=\"lazy\" decoding=\"async\" class=\"ngg-singlepic ngg-none \" src=\"https:\/\/www.comitenervo.fr\/wp-content\/gallery\/20141220_noel-des-enfants\/\/thumbs\/thumbs_20141220_noel_des_enfants_010.JPG\" alt=\"0\" width=\"100\" height=\"75\" \/><\/a><\/td>\n<\/tr>\n<\/tbody>\n<\/table>\n","protected":false},"excerpt":{"rendered":"<p>Assembl\u00e9e G\u00e9n\u00e9rale 2014 Excursion au parc Pairi Daiza F\u00eate des voisins 2014 Brocante 2014 Bal country 2014 F\u00eate des ain\u00e9s 2014 No\u00ebl des enfants 2014<\/p>\n","protected":false},"author":1,"featured_media":0,"parent":1715,"menu_order":0,"comment_status":"closed","ping_status":"closed","template":"","meta":{"_monsterinsights_skip_tracking":false,"_monsterinsights_sitenote_active":false,"_monsterinsights_sitenote_note":"","_monsterinsights_sitenote_category":0,"ngg_post_thumbnail":0,"footnotes":""},"class_list":["post-1717","page","type-page","status-publish","hentry"],"_links":{"self":[{"href":"https:\/\/www.comitenervo.fr\/index.php?rest_route=\/wp\/v2\/pages\/1717","targetHints":{"allow":["GET"]}}],"collection":[{"href":"https:\/\/www.comitenervo.fr\/index.php?rest_route=\/wp\/v2\/pages"}],"about":[{"href":"https:\/\/www.comitenervo.fr\/index.php?rest_route=\/wp\/v2\/types\/page"}],"author":[{"embeddable":true,"href":"https:\/\/www.comitenervo.fr\/index.php?rest_route=\/wp\/v2\/users\/1"}],"replies":[{"embeddable":true,"href":"https:\/\/www.comitenervo.fr\/index.php?rest_route=%2Fwp%2Fv2%2Fcomments&post=1717"}],"version-history":[{"count":16,"href":"https:\/\/www.comitenervo.fr\/index.php?rest_route=\/wp\/v2\/pages\/1717\/revisions"}],"predecessor-version":[{"id":5789,"href":"https:\/\/www.comitenervo.fr\/index.php?rest_route=\/wp\/v2\/pages\/1717\/revisions\/5789"}],"up":[{"embeddable":true,"href":"https:\/\/www.comitenervo.fr\/index.php?rest_route=\/wp\/v2\/pages\/1715"}],"wp:attachment":[{"href":"https:\/\/www.comitenervo.fr\/index.php?rest_route=%2Fwp%2Fv2%2Fmedia&parent=1717"}],"curies":[{"name":"wp","href":"https:\/\/api.w.org\/{rel}","templated":true}]}}

<table border="0.5" width="100%" cellspacing="0" cellpadding="4">
<colgroup>
<col width="128*" />
<col width="128*" /></colgroup>
<tbody>
<tr valign="CENTER">
<td style="text-align: center;vertical-align: middle;" width="50%"><span style="vertical-align: middle; "><strong>Assemblée Générale 2014</strong></span></td>
<td style="text-align: right;" width="50%"><a class="shutterset_" href="https://www.comitenervo.fr/?page_id=1713"><img loading="lazy" decoding="async" class="ngg-singlepic ngg-none " src="https://www.comitenervo.fr/wp-content/gallery/20140118_assemblee-generale/thumbs/thumbs_20140118_assemblee_generale_005.jpg" alt="0" width="100" height="75" /></a></td>
</tr>
<tr valign="CENTER">
<td style="text-align: center;vertical-align: middle;" width="50%"><span style="vertical-align: middle; "><strong>Excursion au parc Pairi Daiza</strong></span></td>
<td style="text-align: right;" width="50%"><a class="shutterset_" href="https://www.comitenervo.fr/?page_id=2030"><img loading="lazy" decoding="async" class="ngg-singlepic ngg-none " src="https://www.comitenervo.fr/wp-content/gallery/20140511_excursion-pairidaiza/thumbs/thumbs_20140511_excursion_pairidaiza_041.JPG" alt="0" width="100" height="75" /></a></td>
</tr>
<tr valign="CENTER">
<td style="text-align: center;vertical-align: middle;" width="50%"><span style="vertical-align: middle; "><strong>Fête des voisins 2014</strong></span></td>
<td style="text-align: right;" width="50%"><a class="shutterset_" href="https://www.comitenervo.fr/?page_id=2130"><img loading="lazy" decoding="async" class="ngg-singlepic ngg-none " src="https://www.comitenervo.fr/wp-content/gallery/20140524_fete-des-voisins/thumbs/thumbs_20140524_fete_des_voisins_033.JPG" alt="0" width="100" height="75" /></a></td>
</tr>
<tr valign="CENTER">
<td style="text-align: center;vertical-align: middle;" width="50%"><span style="vertical-align: middle; "><strong>Brocante 2014</strong></span></td>
<td style="text-align: right;" width="50%"><a class="shutterset_" href="https://www.comitenervo.fr/?page_id=2270"><img loading="lazy" decoding="async" class="ngg-singlepic ngg-none " src="https://www.comitenervo.fr/wp-content/gallery/20140706_brocante/thumbs/thumbs_20140706_brocante_039.JPG" alt="0" width="100" height="75" /></a></td>
</tr>
<tr valign="CENTER">
<td style="text-align: center;vertical-align: middle;" width="50%"><span style="vertical-align: middle; "><strong>Bal country 2014</strong></span></td>
<td style="text-align: right;" width="50%"><a class="shutterset_" href="https://www.comitenervo.fr/?page_id=2444"><img loading="lazy" decoding="async" class="ngg-singlepic ngg-none " src="https://www.comitenervo.fr/wp-content/gallery/20141116_bal-country/thumbs/thumbs_20141116_Bal_country_004.JPG" alt="0" width="100" height="75" /></a></td>
</tr>
<tr valign="CENTER">
<td style="text-align: center;vertical-align: middle;" width="50%"><span style="vertical-align: middle; "><strong>Fête des ainés 2014</strong></span></td>
<td style="text-align: right;" width="50%"><a class="shutterset_" href="https://www.comitenervo.fr/?page_id=2575"><img loading="lazy" decoding="async" class="ngg-singlepic ngg-none " src="https://www.comitenervo.fr/wp-content/gallery/20141126_fete-des-aines/thumbs/thumbs_20141126_fete_des_anciens_034.JPG" alt="0" width="100" height="75" /></a></td>
</tr>
<tr valign="CENTER">
<td style="text-align: center;vertical-align: middle;" width="50%"><span style="vertical-align: middle; "><strong>Noël des enfants 2014</strong></span></td>
<td style="text-align: right;" width="50%"><a class="shutterset_" href="https://www.comitenervo.fr/?page_id=2659"><img loading="lazy" decoding="async" class="ngg-singlepic ngg-none " src="https://www.comitenervo.fr/wp-content/gallery/20141220_noel-des-enfants//thumbs/thumbs_20141220_noel_des_enfants_010.JPG" alt="0" width="100" height="75" /></a></td>
</tr>
</tbody>
</table>

<p>Assemblée Générale 2014 Excursion au parc Pairi Daiza Fête des voisins 2014 Brocante 2014 Bal country 2014 Fête des ainés 2014 Noël des enfants 2014</p>
